185.215.232.192 - - [25/Sep/2026:00:34:16 +0330] "GET /?page_id=9&pagename=elements%252f%252e%252e%252f%252e%252e%252f%252e%252e%252f%252e%252e%252fwp-links-opml HTTP/1.1" 301 0 "-" "Mozilla/5.0 (Windows NT 10.0; Win64; x64) AppleWebKit/537.36 (KHTML, like Gecko) Chrome/124.0.0.0 Safari/537.36"
185.215.232.192 - - [25/Sep/2026:00:34:17 +0330] "GET /home-page/?pagename=elements%252f%252e%252e%252f%252e%252e%252f%252e%252e%252f%252e%252e%252fwp-links-opml HTTP/1.1" 404 50484 "-" "Mozilla/5.0 (Windows NT 10.0; Win64; x64) AppleWebKit/537.36 (KHTML, like Gecko) Chrome/124.0.0.0 Safari/537.36"
185.215.232.192 - - [25/Sep/2026:00:34:19 +0330] "GET /home-page/?pagename=full-width%252f%252e%252e%252f%252e%252e%252f%252e%252e%252f%252e%252e%252fwp-links-opml HTTP/1.1" 404 50484 "-" "Mozilla/5.0 (Windows NT 10.0; Win64; x64) AppleWebKit/537.36 (KHTML, like Gecko) Chrome/124.0.0.0 Safari/537.36"
185.215.232.192 - - [25/Sep/2026:00:34:23 +0330] "GET /home-page/?pagename=templates%252f%252e%252e%252f%252e%252e%252f%252e%252e%252f%252e%252e%252fwp-includes%252ffeed-rss2 HTTP/1.1" 404 50484 "-" "Mozilla/5.0 (Windows NT 10.0; Win64; x64) AppleWebKit/537.36 (KHTML, like Gecko) Chrome/124.0.0.0 Safari/537.36"
185.215.232.192 - - [25/Sep/2026:00:34:26 +0330] "GET /home-page/?pagename=template%252f%252e%252e%252f%252e%252e%252f%252e%252e%252f%252e%252e%252fwp-includes%252ffeed-rss2 HTTP/1.1" 404 50484 "-" "Mozilla/5.0 (Windows NT 10.0; Win64; x64) AppleWebKit/537.36 (KHTML, like Gecko) Chrome/124.0.0.0 Safari/537.36"
185.215.232.192 - - [25/Sep/2026:00:34:27 +0330] "GET /?page_id=9&pagename=template%252f%252e%252e%252f%252e%252e%252f%252e%252e%252f%252e%252e%252fwp-admin%252finstall HTTP/1.1" 301 0 "-" "Mozilla/5.0 (Windows NT 10.0; Win64; x64) AppleWebKit/537.36 (KHTML, like Gecko) Chrome/124.0.0.0 Safari/537.36"
185.215.232.192 - - [25/Sep/2026:00:34:18 +0330] "GET /?page_id=9&pagename=full-width%252f%252e%252e%252f%252e%252e%252f%252e%252e%252f%252e%252e%252fwp-links-opml HTTP/1.1" 301 0 "-" "Mozilla/5.0 (Windows NT 10.0; Win64; x64) AppleWebKit/537.36 (KHTML, like Gecko) Chrome/124.0.0.0 Safari/537.36"
185.215.232.192 - - [25/Sep/2026:00:34:20 +0330] "GET /?page_id=9&pagename=templates-full-width%252f%252e%252e%252f%252e%252e%252f%252e%252e%252f%252e%252e%252fwp-links-opml HTTP/1.1" 301 0 "-" "Mozilla/5.0 (Windows NT 10.0; Win64; x64) AppleWebKit/537.36 (KHTML, like Gecko) Chrome/124.0.0.0 Safari/537.36"
185.215.232.192 - - [25/Sep/2026:00:34:21 +0330] "GET /home-page/?pagename=templates-full-width%252f%252e%252e%252f%252e%252e%252f%252e%252e%252f%252e%252e%252fwp-links-opml HTTP/1.1" 404 50484 "-" "Mozilla/5.0 (Windows NT 10.0; Win64; x64) AppleWebKit/537.36 (KHTML, like Gecko) Chrome/124.0.0.0 Safari/537.36"
185.215.232.192 - - [25/Sep/2026:00:34:22 +0330] "GET /?page_id=9&pagename=templates%252f%252e%252e%252f%252e%252e%252f%252e%252e%252f%252e%252e%252fwp-includes%252ffeed-rss2 HTTP/1.1" 301 0 "-" "Mozilla/5.0 (Windows NT 10.0; Win64; x64) AppleWebKit/537.36 (KHTML, like Gecko) Chrome/124.0.0.0 Safari/537.36"
185.215.232.192 - - [25/Sep/2026:00:34:24 +0330] "GET /?page_id=9&pagename=templates%252f%252e%252e%252f%252e%252e%252f%252e%252e%252f%252e%252e%252fwp-admin%252finstall HTTP/1.1" 301 0 "-" "Mozilla/5.0 (Windows NT 10.0; Win64; x64) AppleWebKit/537.36 (KHTML, like Gecko) Chrome/124.0.0.0 Safari/537.36"
185.215.232.192 - - [25/Sep/2026:00:34:24 +0330] "GET /home-page/?pagename=templates%252f%252e%252e%252f%252e%252e%252f%252e%252e%252f%252e%252e%252fwp-admin%252finstall HTTP/1.1" 404 50484 "-" "Mozilla/5.0 (Windows NT 10.0; Win64; x64) AppleWebKit/537.36 (KHTML, like Gecko) Chrome/124.0.0.0 Safari/537.36"
185.215.232.192 - - [25/Sep/2026:00:34:25 +0330] "GET /?page_id=9&pagename=template%252f%252e%252e%252f%252e%252e%252f%252e%252e%252f%252e%252e%252fwp-includes%252ffeed-rss2 HTTP/1.1" 301 0 "-" "Mozilla/5.0 (Windows NT 10.0; Win64; x64) AppleWebKit/537.36 (KHTML, like Gecko) Chrome/124.0.0.0 Safari/537.36"
185.215.232.192 - - [25/Sep/2026:00:34:28 +0330] "GET /home-page/?pagename=template%252f%252e%252e%252f%252e%252e%252f%252e%252e%252f%252e%252e%252fwp-admin%252finstall HTTP/1.1" 404 50484 "-" "Mozilla/5.0 (Windows NT 10.0; Win64; x64) AppleWebKit/537.36 (KHTML, like Gecko) Chrome/124.0.0.0 Safari/537.36"
94.101.182.11 - - [25/Sep/2026:01:04:32 +0330] "GET /.well-known/acme-challenge/5KVO6NJ8T1BQNRDNTOQ06DD8THAMQM2J HTTP/1.1" 200 64 "-" "Cpanel-HTTP-Client/1.0"
94.101.182.11 - - [25/Sep/2026:01:04:33 +0330] "GET /.well-known/acme-challenge/Z0PSLX73S5S1D-G0AMH9RNNB0EP1D638 HTTP/1.1" 200 64 "-" "Cpanel-HTTP-Client/1.0"
94.101.182.11 - - [25/Sep/2026:01:15:19 +0330] "POST /wp-cron.php?doing_wp_cron=1790286319.2292280197143554687500 HTTP/1.1" 200 0 "-" "WordPress/6.9.1; https://renecafe.ir"
185.215.232.192 - - [25/Sep/2026:01:15:19 +0330] "GET //wp-includes/wlwmanifest.xml HTTP/1.1" 301 0 "-" "Mozilla/5.0 (Windows NT 10.0; Win64; x64) AppleWebKit/537.36 (KHTML, like Gecko) Chrome/78.0.3904.108 Safari/537.36"
185.215.232.192 - - [25/Sep/2026:01:15:21 +0330] "GET //?author=1 HTTP/1.1" 301 0 "-" "Mozilla/5.0 (Windows NT 10.0; Win64; x64) AppleWebKit/537.36 (KHTML, like Gecko) Chrome/78.0.3904.108 Safari/537.36"
185.215.232.192 - - [25/Sep/2026:01:15:22 +0330] "GET //?author=2 HTTP/1.1" 301 0 "-" "Mozilla/5.0 (Windows NT 10.0; Win64; x64) AppleWebKit/537.36 (KHTML, like Gecko) Chrome/78.0.3904.108 Safari/537.36"
185.215.232.192 - - [25/Sep/2026:01:15:23 +0330] "GET //wp-json/wp/v2/users/ HTTP/1.1" 200 716 "-" "Mozilla/5.0 (Windows NT 10.0; Win64; x64) AppleWebKit/537.36 (KHTML, like Gecko) Chrome/78.0.3904.108 Safari/537.36"
185.215.232.192 - - [25/Sep/2026:01:15:24 +0330] "POST //xmlrpc.php HTTP/1.1" 200 451 "-" "Mozilla/5.0 (Windows NT 10.0; Win64; x64) AppleWebKit/537.36 (KHTML, like Gecko) Chrome/78.0.3904.108 Safari/537.36"
185.215.232.192 - - [25/Sep/2026:01:15:18 +0330] "GET / HTTP/1.1" 200 52935 "-" "Mozilla/5.0 (Windows NT 10.0; Win64; x64) AppleWebKit/537.36 (KHTML, like Gecko) Chrome/78.0.3904.108 Safari/537.36"
185.215.232.192 - - [25/Sep/2026:01:15:20 +0330] "GET //xmlrpc.php?rsd HTTP/1.1" 200 780 "-" "Mozilla/5.0 (Windows NT 10.0; Win64; x64) AppleWebKit/537.36 (KHTML, like Gecko) Chrome/78.0.3904.108 Safari/537.36"
185.215.232.192 - - [25/Sep/2026:01:15:24 +0330] "POST //xmlrpc.php HTTP/1.1" 200 451 "-" "Mozilla/5.0 (Windows NT 10.0; Win64; x64) AppleWebKit/537.36 (KHTML, like Gecko) Chrome/78.0.3904.108 Safari/537.36"
185.215.232.192 - - [25/Sep/2026:01:32:46 +0330] "GET / HTTP/1.1" 301 0 "http://www.renecafe.ir" "Mozilla/5.0 (iPhone; CPU iPhone OS 13_2_3 like Mac OS X) AppleWebKit/605.1.15 (KHTML, like Gecko) Version/13.0.3 Mobile/15E148 Safari/604.1"
185.215.232.192 - - [25/Sep/2026:01:32:49 +0330] "GET / HTTP/1.1" 200 14666 "https://www.renecafe.ir/" "Mozilla/5.0 (iPhone; CPU iPhone OS 13_2_3 like Mac OS X) AppleWebKit/605.1.15 (KHTML, like Gecko) Version/13.0.3 Mobile/15E148 Safari/604.1"
185.215.232.196 - - [25/Sep/2026:01:34:51 +0330] "GET /.git/config HTTP/1.1" 403 787 "http://www.renecafe.ir/.git/config" "Mozilla/5.0 (X11; Linux x86_64)"
185.215.232.192 - - [25/Sep/2026:01:39:32 +0330] "GET / HTTP/1.1" 200 14666 "-" "Mozilla/5.0 (Macintosh; Intel Mac OS X 10_15_7) AppleWebKit/537.36 (KHTML, like Gecko) Chrome/124.0.0.0 Safari/537.36"
94.101.182.11 - - [25/Sep/2026:01:40:08 +0330] "POST /wp-cron.php?doing_wp_cron=1790287808.5333590507507324218750 HTTP/1.1" 200 0 "-" "WordPress/6.9.1; https://renecafe.ir"
185.215.232.195 - - [25/Sep/2026:01:40:07 +0330] "GET /robots.txt HTTP/1.1" 200 61 "-" "Mozilla/5.0 AppleWebKit/537.36 (KHTML, like Gecko; compatible; ClaudeBot/1.0; +claudebot@anthropic.com)"
185.215.232.191 - - [25/Sep/2026:01:38:07 +0330] "GET / HTTP/1.1" 200 14666 "-" "Mozilla/5.0 (Windows NT 10.0; Win64; x64) AppleWebKit/537.36 (KHTML, like Gecko) Chrome/131.0.0.0 Safari/537.36"
94.101.182.11 - - [25/Sep/2026:01:39:33 +0330] "POST /wp-cron.php?doing_wp_cron=1790287773.0796439647674560546875 HTTP/1.1" 200 0 "-" "WordPress/6.9.1; https://renecafe.ir"
185.215.232.195 - - [25/Sep/2026:01:40:14 +0330] "GET /sitemap.xml HTTP/1.1" 301 0 "-" "Mozilla/5.0 AppleWebKit/537.36 (KHTML, like Gecko; compatible; ClaudeBot/1.0; +claudebot@anthropic.com)"
185.215.232.195 - - [25/Sep/2026:01:40:15 +0330] "GET /wp-sitemap.xml HTTP/1.1" 404 11589 "https://renecafe.ir/sitemap.xml" "Mozilla/5.0 AppleWebKit/537.36 (KHTML, like Gecko; compatible; ClaudeBot/1.0; +claudebot@anthropic.com)"
178.131.120.50 - - [25/Sep/2026:02:12:35 +0330] "GET / HTTP/1.1" 200 52935 "-" "Mozilla/5.0 (Windows NT 10.0; Win64; x64) AppleWebKit/537.36"
94.101.182.11 - - [25/Sep/2026:02:12:36 +0330] "POST /wp-cron.php?doing_wp_cron=1790289755.8824388980865478515625 HTTP/1.1" 200 0 "-" "WordPress/6.9.1; https://renecafe.ir"
94.101.182.11 - - [25/Sep/2026:02:46:25 +0330] "POST /wp-cron.php?doing_wp_cron=1790291785.4107189178466796875000 HTTP/1.1" 200 0 "-" "WordPress/6.9.1; https://renecafe.ir"
185.215.232.195 - - [25/Sep/2026:02:49:56 +0330] "GET /sitemap.xml HTTP/1.1" 301 0 "-" "Mozilla/5.0 AppleWebKit/537.36 (KHTML, like Gecko; compatible; ClaudeBot/1.0; +claudebot@anthropic.com)"
185.215.232.191 - - [25/Sep/2026:02:55:45 +0330] "GET / HTTP/1.1" 301 0 "-" "Mozilla/5.0 (Windows NT 10.0; Win64; x64) AppleWebKit/537.36 (KHTML, like Gecko) Chrome/131.0.0.0 Safari/537.36"
185.215.232.191 - - [25/Sep/2026:02:55:47 +0330] "GET / HTTP/1.1" 200 14666 "-" "Mozilla/5.0 (Windows NT 10.0; Win64; x64) AppleWebKit/537.36 (KHTML, like Gecko) Chrome/131.0.0.0 Safari/537.36"
185.215.232.191 - - [25/Sep/2026:02:46:24 +0330] "GET / HTTP/1.1" 200 14666 "http://renecafe.ir" "Mozilla/5.0 (iPhone; CPU iPhone OS 13_2_3 like Mac OS X) AppleWebKit/605.1.15 (KHTML, like Gecko) Version/13.0.3 Mobile/15E148 Safari/604.1"
185.215.232.195 - - [25/Sep/2026:02:49:51 +0330] "GET /robots.txt HTTP/1.1" 301 0 "-" "Mozilla/5.0 AppleWebKit/537.36 (KHTML, like Gecko; compatible; ClaudeBot/1.0; +claudebot@anthropic.com)"
185.215.232.195 - - [25/Sep/2026:02:49:54 +0330] "GET /robots.txt HTTP/1.1" 200 61 "https://www.renecafe.ir/robots.txt" "Mozilla/5.0 AppleWebKit/537.36 (KHTML, like Gecko; compatible; ClaudeBot/1.0; +claudebot@anthropic.com)"
185.215.232.195 - - [25/Sep/2026:02:49:57 +0330] "GET /wp-sitemap.xml HTTP/1.1" 404 11589 "https://www.renecafe.ir/sitemap.xml" "Mozilla/5.0 AppleWebKit/537.36 (KHTML, like Gecko; compatible; ClaudeBot/1.0; +claudebot@anthropic.com)"
94.101.182.11 - - [25/Sep/2026:03:54:09 +0330] "POST /wp-cron.php?doing_wp_cron=1790295849.0951209068298339843750 HTTP/1.1" 200 0 "-" "WordPress/6.9.1; https://renecafe.ir"
185.215.232.195 - - [25/Sep/2026:03:54:08 +0330] "GET /robots.txt HTTP/1.1" 200 70 "-" "facebookexternalhit/1.1 (+http://www.facebook.com/externalhit_uatext.php)"
94.101.182.11 - - [25/Sep/2026:04:04:43 +0330] "GET /.well-known/acme-challenge/1B3L7U17K3KY7Q-JP5FDY4M38KO0JUVS HTTP/1.1" 200 64 "-" "Cpanel-HTTP-Client/1.0"
94.101.182.11 - - [25/Sep/2026:04:04:43 +0330] "GET /.well-known/acme-challenge/3AGGYA7SWVSO3GCD5GX1T7_4WZAS2CR1 HTTP/1.1" 200 64 "-" "Cpanel-HTTP-Client/1.0"
185.215.232.195 - - [25/Sep/2026:04:54:24 +0330] "GET /robots.txt HTTP/1.1" 200 61 "-" "Mozilla/5.0 AppleWebKit/537.36 (KHTML, like Gecko; compatible; ClaudeBot/1.0; +claudebot@anthropic.com)"
185.215.232.195 - - [25/Sep/2026:04:54:25 +0330] "GET /sitemap.xml HTTP/1.1" 301 0 "-" "Mozilla/5.0 AppleWebKit/537.36 (KHTML, like Gecko; compatible; ClaudeBot/1.0; +claudebot@anthropic.com)"
185.215.232.195 - - [25/Sep/2026:04:54:26 +0330] "GET /wp-sitemap.xml HTTP/1.1" 404 11585 "https://renecafe.ir/sitemap.xml" "Mozilla/5.0 AppleWebKit/537.36 (KHTML, like Gecko; compatible; ClaudeBot/1.0; +claudebot@anthropic.com)"
94.101.182.11 - - [25/Sep/2026:04:54:25 +0330] "POST /wp-cron.php?doing_wp_cron=1790299464.9992010593414306640625 HTTP/1.1" 200 0 "-" "WordPress/6.9.1; https://renecafe.ir"
185.215.232.195 - - [25/Sep/2026:05:42:25 +0330] "GET / HTTP/1.1" 200 14668 "http://renecafe.ir" "Mozilla/5.0 (iPhone; CPU iPhone OS 13_2_3 like Mac OS X) AppleWebKit/605.1.15 (KHTML, like Gecko) Version/13.0.3 Mobile/15E148 Safari/604.1"
185.215.232.195 - - [25/Sep/2026:05:47:45 +0330] "GET /robots.txt HTTP/1.1" 200 61 "https://www.renecafe.ir/robots.txt" "Mozilla/5.0 AppleWebKit/537.36 (KHTML, like Gecko; compatible; ClaudeBot/1.0; +claudebot@anthropic.com)"
185.215.232.195 - - [25/Sep/2026:05:47:47 +0330] "GET /wp-sitemap.xml HTTP/1.1" 404 11585 "https://www.renecafe.ir/sitemap.xml" "Mozilla/5.0 AppleWebKit/537.36 (KHTML, like Gecko; compatible; ClaudeBot/1.0; +claudebot@anthropic.com)"
94.101.182.11 - - [25/Sep/2026:05:42:26 +0330] "POST /wp-cron.php?doing_wp_cron=1790302346.4153790473937988281250 HTTP/1.1" 200 0 "-" "WordPress/6.9.1; https://renecafe.ir"
185.215.232.195 - - [25/Sep/2026:05:47:43 +0330] "GET /robots.txt HTTP/1.1" 301 0 "-" "Mozilla/5.0 AppleWebKit/537.36 (KHTML, like Gecko; compatible; ClaudeBot/1.0; +claudebot@anthropic.com)"
185.215.232.195 - - [25/Sep/2026:05:47:46 +0330] "GET /sitemap.xml HTTP/1.1" 301 0 "-" "Mozilla/5.0 AppleWebKit/537.36 (KHTML, like Gecko; compatible; ClaudeBot/1.0; +claudebot@anthropic.com)"
185.215.232.195 - - [25/Sep/2026:05:54:52 +0330] "GET /.git/config HTTP/1.1" 403 787 "-" "Mozilla/5.0 (Windows NT 10.0; WOW64) AppleWebKit/537.36 (KHTML, like Gecko) Chrome/78.0.3880.4 Safari/537.36"
94.101.182.11 - - [25/Sep/2026:06:18:36 +0330] "POST /wp-cron.php?doing_wp_cron=1790304516.5539300441741943359375 HTTP/1.1" 200 0 "-" "WordPress/6.9.1; https://renecafe.ir"
185.215.232.192 - - [25/Sep/2026:06:18:35 +0330] "GET / HTTP/1.1" 200 14668 "-" "domainbox-domain-snapshot/0.1"
185.215.232.195 - - [25/Sep/2026:06:33:36 +0330] "GET /.git/config HTTP/1.1" 403 787 "-" "FAST-WebCrawler/3.8 (crawler at trd dot overture dot com; http://www.alltheweb.com/help/webmaster/crawler)"
185.215.232.196 - - [25/Sep/2026:06:34:30 +0330] "POST /wp-json/batch/v1 HTTP/1.1" 207 16 "-" "Mozilla/5.0 (Windows NT 10.0; Win64; x64) AppleWebKit/537.36 (KHTML, like Gecko) Chrome/126.0.0.0 Safari/537.36"
185.215.232.196 - - [25/Sep/2026:06:34:32 +0330] "POST /wp-json/batch/v1 HTTP/1.1" 207 4460 "-" "Mozilla/5.0 (Windows NT 10.0; Win64; x64) AppleWebKit/537.36 (KHTML, like Gecko) Chrome/126.0.0.0 Safari/537.36"
185.215.232.196 - - [25/Sep/2026:06:34:33 +0330] "POST /wp-json/batch/v1 HTTP/1.1" 207 4577 "-" "Mozilla/5.0 (Windows NT 10.0; Win64; x64) AppleWebKit/537.36 (KHTML, like Gecko) Chrome/126.0.0.0 Safari/537.36"
185.215.232.196 - - [25/Sep/2026:06:34:37 +0330] "GET /%d8%b3%d9%84%d8%a7%d9%85-%d8%af%d9%86%db%8c%d8%a7/ HTTP/1.1" 200 61436 "-" "Mozilla/5.0 (Windows NT 10.0; Win64; x64) AppleWebKit/537.36 (KHTML, like Gecko) Chrome/126.0.0.0 Safari/537.36"
185.215.232.196 - - [25/Sep/2026:06:34:39 +0330] "POST /wp-json/batch/v1 HTTP/1.1" 207 8222 "-" "Mozilla/5.0 (Windows NT 10.0; Win64; x64) AppleWebKit/537.36 (KHTML, like Gecko) Chrome/126.0.0.0 Safari/537.36"
185.215.232.196 - - [25/Sep/2026:06:34:44 +0330] "POST /wp-json/batch/v1 HTTP/1.1" 207 4536 "-" "Mozilla/5.0 (Windows NT 10.0; Win64; x64) AppleWebKit/537.36 (KHTML, like Gecko) Chrome/126.0.0.0 Safari/537.36"
185.215.232.196 - - [25/Sep/2026:06:34:48 +0330] "GET /wp-login.php HTTP/1.1" 200 11263 "-" "Mozilla/5.0 (Windows NT 10.0; Win64; x64) AppleWebKit/537.36 (KHTML, like Gecko) Chrome/126.0.0.0 Safari/537.36"
185.215.232.196 - - [25/Sep/2026:06:34:51 +0330] "POST /wp-admin/ HTTP/1.1" 302 0 "-" "Mozilla/5.0 (Windows NT 10.0; Win64; x64) AppleWebKit/537.36 (KHTML, like Gecko) Chrome/126.0.0.0 Safari/537.36"
185.215.232.196 - - [25/Sep/2026:06:34:53 +0330] "POST /wp-login.php?redirect_to=https%3A%2F%2Frenecafe.ir%2Fwp-admin%2F&reauth=1 HTTP/1.1" 200 11355 "-" "Mozilla/5.0 (Windows NT 10.0; Win64; x64) AppleWebKit/537.36 (KHTML, like Gecko) Chrome/126.0.0.0 Safari/537.36"
185.215.232.196 - - [25/Sep/2026:06:34:57 +0330] "GET /wp-admin/theme-install.php?tab=upload HTTP/1.1" 200 256555 "-" "Mozilla/5.0 (Windows NT 10.0; Win64; x64) AppleWebKit/537.36 (KHTML, like Gecko) Chrome/126.0.0.0 Safari/537.36"
185.215.232.196 - - [25/Sep/2026:06:34:57 +0330] "GET /wp-admin/theme-editor.php HTTP/1.1" 200 232150 "-" "Mozilla/5.0 (Windows NT 10.0; Win64; x64) AppleWebKit/537.36 (KHTML, like Gecko) Chrome/126.0.0.0 Safari/537.36"
185.215.232.196 - - [25/Sep/2026:06:34:57 +0330] "GET /wp-admin/plugin-install.php?tab=upload HTTP/1.1" 200 237360 "-" "Mozilla/5.0 (Windows NT 10.0; Win64; x64) AppleWebKit/537.36 (KHTML, like Gecko) Chrome/126.0.0.0 Safari/537.36"
185.215.232.196 - - [25/Sep/2026:06:34:58 +0330] "GET /wp-admin/plugin-install.php?s=wp+file+manager&tab=search HTTP/1.1" 200 240641 "-" "Mozilla/5.0 (Windows NT 10.0; Win64; x64) AppleWebKit/537.36 (KHTML, like Gecko) Chrome/126.0.0.0 Safari/537.36"
185.215.232.196 - - [25/Sep/2026:06:35:01 +0330] "POST /wp-admin/theme-editor.php HTTP/1.1" 403 787 "-" "Mozilla/5.0 (Windows NT 10.0; Win64; x64) AppleWebKit/537.36 (KHTML, like Gecko) Chrome/126.0.0.0 Safari/537.36"
185.215.232.196 - - [25/Sep/2026:06:35:02 +0330] "GET /?wp2t=ace3a4bd7d61d7c6f0b6f998cdf7ed0d&wp2c=echo+WP2RTEST HTTP/1.1" 301 0 "-" "Mozilla/5.0 (Windows NT 10.0; Win64; x64) AppleWebKit/537.36 (KHTML, like Gecko) Chrome/126.0.0.0 Safari/537.36"
185.215.232.196 - - [25/Sep/2026:06:35:01 +0330] "POST /wp-admin/update.php?action=upload-plugin HTTP/1.1" 200 213128 "https://renecafe.ir/wp-admin/plugin-install.php?tab=upload" "Mozilla/5.0 (Windows NT 10.0; Win64; x64) AppleWebKit/537.36 (KHTML, like Gecko) Chrome/126.0.0.0 Safari/537.36"
185.215.232.196 - - [25/Sep/2026:06:34:34 +0330] "POST /wp-json/batch/v1 HTTP/1.1" 207 4590 "-" "Mozilla/5.0 (Windows NT 10.0; Win64; x64) AppleWebKit/537.36 (KHTML, like Gecko) Chrome/126.0.0.0 Safari/537.36"
185.215.232.196 - - [25/Sep/2026:06:34:36 +0330] "GET /?rest_route=/wp/v2/posts&per_page=5&_fields=link,type,date HTTP/1.1" 200 377 "-" "Mozilla/5.0 (Windows NT 10.0; Win64; x64) AppleWebKit/537.36 (KHTML, like Gecko) Chrome/126.0.0.0 Safari/537.36"
185.215.232.196 - - [25/Sep/2026:06:34:41 +0330] "POST /wp-json/batch/v1 HTTP/1.1" 207 4536 "-" "Mozilla/5.0 (Windows NT 10.0; Win64; x64) AppleWebKit/537.36 (KHTML, like Gecko) Chrome/126.0.0.0 Safari/537.36"
185.215.232.196 - - [25/Sep/2026:06:34:42 +0330] "POST /wp-json/batch/v1 HTTP/1.1" 207 4536 "-" "Mozilla/5.0 (Windows NT 10.0; Win64; x64) AppleWebKit/537.36 (KHTML, like Gecko) Chrome/126.0.0.0 Safari/537.36"
185.215.232.196 - - [25/Sep/2026:06:34:45 +0330] "POST /wp-json/batch/v1 HTTP/1.1" 207 4536 "-" "Mozilla/5.0 (Windows NT 10.0; Win64; x64) AppleWebKit/537.36 (KHTML, like Gecko) Chrome/126.0.0.0 Safari/537.36"
185.215.232.196 - - [25/Sep/2026:06:34:46 +0330] "POST /wp-json/batch/v1 HTTP/1.1" 207 6848 "-" "Mozilla/5.0 (Windows NT 10.0; Win64; x64) AppleWebKit/537.36 (KHTML, like Gecko) Chrome/126.0.0.0 Safari/537.36"
185.215.232.196 - - [25/Sep/2026:06:34:50 +0330] "POST /wp-login.php HTTP/1.1" 302 0 "-" "Mozilla/5.0 (Windows NT 10.0; Win64; x64) AppleWebKit/537.36 (KHTML, like Gecko) Chrome/126.0.0.0 Safari/537.36"
185.215.232.196 - - [25/Sep/2026:06:34:55 +0330] "GET /wp-admin/plugins.php HTTP/1.1" 200 265323 "-" "Mozilla/5.0 (Windows NT 10.0; Win64; x64) AppleWebKit/537.36 (KHTML, like Gecko) Chrome/126.0.0.0 Safari/537.36"
185.215.232.196 - - [25/Sep/2026:06:34:57 +0330] "GET /wp-admin/media-new.php HTTP/1.1" 200 229222 "-" "Mozilla/5.0 (Windows NT 10.0; Win64; x64) AppleWebKit/537.36 (KHTML, like Gecko) Chrome/126.0.0.0 Safari/537.36"
185.215.232.196 - - [25/Sep/2026:06:34:57 +0330] "GET /wp-admin/plugin-install.php?tab=upload HTTP/1.1" 200 237360 "-" "Mozilla/5.0 (Windows NT 10.0; Win64; x64) AppleWebKit/537.36 (KHTML, like Gecko) Chrome/126.0.0.0 Safari/537.36"
185.215.232.196 - - [25/Sep/2026:06:34:58 +0330] "GET /wp-admin/plugin-install.php?tab=upload HTTP/1.1" 200 237360 "-" "Mozilla/5.0 (Windows NT 10.0; Win64; x64) AppleWebKit/537.36 (KHTML, like Gecko) Chrome/126.0.0.0 Safari/537.36"
185.215.232.196 - - [25/Sep/2026:06:34:58 +0330] "GET /wp-admin/plugins.php HTTP/1.1" 200 265323 "-" "Mozilla/5.0 (Windows NT 10.0; Win64; x64) AppleWebKit/537.36 (KHTML, like Gecko) Chrome/126.0.0.0 Safari/537.36"
185.215.232.196 - - [25/Sep/2026:06:34:58 +0330] "GET /wp-admin/media-new.php HTTP/1.1" 200 229222 "-" "Mozilla/5.0 (Windows NT 10.0; Win64; x64) AppleWebKit/537.36 (KHTML, like Gecko) Chrome/126.0.0.0 Safari/537.36"
185.215.232.196 - - [25/Sep/2026:06:35:01 +0330] "GET /wp-admin/plugin-install.php HTTP/1.1" 200 240582 "-" "Mozilla/5.0 (Windows NT 10.0; Win64; x64) AppleWebKit/537.36 (KHTML, like Gecko) Chrome/126.0.0.0 Safari/537.36"
185.215.232.196 - - [25/Sep/2026:06:35:02 +0330] "POST /wp-admin/update.php?action=upload-plugin HTTP/1.1" 200 213152 "https://renecafe.ir/wp-admin/plugin-install.php?tab=upload" "Mozilla/5.0 (Windows NT 10.0; Win64; x64) AppleWebKit/537.36 (KHTML, like Gecko) Chrome/126.0.0.0 Safari/537.36"
185.215.232.196 - - [25/Sep/2026:06:35:04 +0330] "GET /?wp2t=ace3a4bd7d61d7c6f0b6f998cdf7ed0d&wp2c=echo%20WP2RTEST HTTP/1.1" 200 71370 "-" "Mozilla/5.0 (Windows NT 10.0; Win64; x64) AppleWebKit/537.36 (KHTML, like Gecko) Chrome/126.0.0.0 Safari/537.36"
185.215.232.196 - - [25/Sep/2026:06:35:04 +0330] "GET /wp-admin/update.php?action=upload-plugin HTTP/1.1" 403 2579 "-" "Mozilla/5.0 (Windows NT 10.0; Win64; x64) AppleWebKit/537.36 (KHTML, like Gecko) Chrome/126.0.0.0 Safari/537.36"
185.215.232.196 - - [25/Sep/2026:06:35:06 +0330] "GET /wp-content/themes/theme_79d518c4/index.php?q=ace3a4bd7d61d7c6f0b6f998cdf7ed0d&x=echo+WP2RTEST HTTP/1.1" 200 17 "-" "Mozilla/5.0 (Windows NT 10.0; Win64; x64) AppleWebKit/537.36 (KHTML, like Gecko) Chrome/126.0.0.0 Safari/537.36"
185.215.232.196 - - [25/Sep/2026:06:35:06 +0330] "GET /wp-admin/plugins.php HTTP/1.1" 200 268903 "-" "Mozilla/5.0 (Windows NT 10.0; Win64; x64) AppleWebKit/537.36 (KHTML, like Gecko) Chrome/126.0.0.0 Safari/537.36"
185.215.232.196 - - [25/Sep/2026:06:35:07 +0330] "GET /wp-admin/plugins.php?action=activate&plugin=cache_cd176420%2Fcache_cd176420.php&_wpnonce=39531b1c38 HTTP/1.1" 302 109 "-" "Mozilla/5.0 (Windows NT 10.0; Win64; x64) AppleWebKit/537.36 (KHTML, like Gecko) Chrome/126.0.0.0 Safari/537.36"
185.215.232.196 - - [25/Sep/2026:06:35:08 +0330] "POST /wp-admin/theme-editor.php HTTP/1.1" 403 787 "-" "Mozilla/5.0 (Windows NT 10.0; Win64; x64) AppleWebKit/537.36 (KHTML, like Gecko) Chrome/126.0.0.0 Safari/537.36"
185.215.232.196 - - [25/Sep/2026:06:35:08 +0330] "GET /wp-admin/plugins.php?action=activate&plugin=wp_rest_cache_ae4547e2%2Fwp_rest_cache_ae4547e2.php&_wpnonce=4998588b5a HTTP/1.1" 302 0 "-" "Mozilla/5.0 (Windows NT 10.0; Win64; x64) AppleWebKit/537.36 (KHTML, like Gecko) Chrome/126.0.0.0 Safari/537.36"
185.215.232.196 - - [25/Sep/2026:06:35:10 +0330] "GET /wp-admin/plugins.php?activate=true&plugin_status=all&paged=1&s= HTTP/1.1" 200 268917 "-" "Mozilla/5.0 (Windows NT 10.0; Win64; x64) AppleWebKit/537.36 (KHTML, like Gecko) Chrome/126.0.0.0 Safari/537.36"
185.215.232.196 - - [25/Sep/2026:06:35:11 +0330] "GET /?wp2t=ace3a4bd7d61d7c6f0b6f998cdf7ed0d&wp2c=echo%20WP2RTEST HTTP/1.1" 200 69414 "-" "Mozilla/5.0 (Windows NT 10.0; Win64; x64) AppleWebKit/537.36 (KHTML, like Gecko) Chrome/126.0.0.0 Safari/537.36"
185.215.232.196 - - [25/Sep/2026:06:35:13 +0330] "GET /wp-admin/theme-editor.php HTTP/1.1" 200 232206 "-" "Mozilla/5.0 (Windows NT 10.0; Win64; x64) AppleWebKit/537.36 (KHTML, like Gecko) Chrome/126.0.0.0 Safari/537.36"
185.215.232.196 - - [25/Sep/2026:06:35:13 +0330] "GET /wp-admin/plugins.php HTTP/1.1" 200 268588 "-" "Mozilla/5.0 (Windows NT 10.0; Win64; x64) AppleWebKit/537.36 (KHTML, like Gecko) Chrome/126.0.0.0 Safari/537.36"
185.215.232.196 - - [25/Sep/2026:06:35:14 +0330] "GET /wp-json/ HTTP/1.1" 200 394243 "-" "Mozilla/5.0 (Windows NT 10.0; Win64; x64) AppleWebKit/537.36 (KHTML, like Gecko) Chrome/126.0.0.0 Safari/537.36"
185.215.232.196 - - [25/Sep/2026:06:35:17 +0330] "GET /wp-content/plugins/cache_cd176420/cache_cd176420.php?q=ace3a4bd7d61d7c6f0b6f998cdf7ed0d&x=echo+WP2RTEST HTTP/1.1" 200 17 "-" "Mozilla/5.0 (Windows NT 10.0; Win64; x64) AppleWebKit/537.36 (KHTML, like Gecko) Chrome/126.0.0.0 Safari/537.36"
185.215.232.196 - - [25/Sep/2026:06:35:20 +0330] "GET /wp-admin/theme-editor.php HTTP/1.1" 200 232206 "-" "Mozilla/5.0 (Windows NT 10.0; Win64; x64) AppleWebKit/537.36 (KHTML, like Gecko) Chrome/126.0.0.0 Safari/537.36"
185.215.232.196 - - [25/Sep/2026:06:35:22 +0330] "POST /wp-admin/theme-editor.php HTTP/1.1" 403 787 "-" "Mozilla/5.0 (Windows NT 10.0; Win64; x64) AppleWebKit/537.36 (KHTML, like Gecko) Chrome/126.0.0.0 Safari/537.36"
185.215.232.196 - - [25/Sep/2026:06:35:24 +0330] "GET /?wp2t=ace3a4bd7d61d7c6f0b6f998cdf7ed0d&wp2c=echo%20WP2RTEST HTTP/1.1" 200 70292 "-" "Mozilla/5.0 (Windows NT 10.0; Win64; x64) AppleWebKit/537.36 (KHTML, like Gecko) Chrome/126.0.0.0 Safari/537.36"
185.215.232.196 - - [25/Sep/2026:06:35:29 +0330] "POST /wp-admin/theme-editor.php HTTP/1.1" 403 787 "-" "Mozilla/5.0 (Windows NT 10.0; Win64; x64) AppleWebKit/537.36 (KHTML, like Gecko) Chrome/126.0.0.0 Safari/537.36"
185.215.232.196 - - [25/Sep/2026:06:35:29 +0330] "GET /?wp2t=ace3a4bd7d61d7c6f0b6f998cdf7ed0d&wp2c=echo+WP2RTEST HTTP/1.1" 301 0 "-" "Mozilla/5.0 (Windows NT 10.0; Win64; x64) AppleWebKit/537.36 (KHTML, like Gecko) Chrome/126.0.0.0 Safari/537.36"
185.215.232.196 - - [25/Sep/2026:06:35:00 +0330] "POST /wp-admin/update.php?action=upload-theme HTTP/1.1" 200 214016 "https://renecafe.ir/wp-admin/theme-install.php?tab=upload" "Mozilla/5.0 (Windows NT 10.0; Win64; x64) AppleWebKit/537.36 (KHTML, like Gecko) Chrome/126.0.0.0 Safari/537.36"
185.215.232.196 - - [25/Sep/2026:06:35:05 +0330] "GET /wp-content/themes/theme_79d518c4/index.php HTTP/1.1" 200 109 "-" "Mozilla/5.0 (Windows NT 10.0; Win64; x64) AppleWebKit/537.36 (KHTML, like Gecko) Chrome/126.0.0.0 Safari/537.36"
185.215.232.196 - - [25/Sep/2026:06:35:05 +0330] "GET /wp-admin/plugins.php HTTP/1.1" 200 268903 "-" "Mozilla/5.0 (Windows NT 10.0; Win64; x64) AppleWebKit/537.36 (KHTML, like Gecko) Chrome/126.0.0.0 Safari/537.36"
185.215.232.196 - - [25/Sep/2026:06:35:07 +0330] "GET /wp-content/themes/theme_79d518c4/index.php?q=ace3a4bd7d61d7c6f0b6f998cdf7ed0d&x=id HTTP/1.1" 200 17 "-" "Mozilla/5.0 (Windows NT 10.0; Win64; x64) AppleWebKit/537.36 (KHTML, like Gecko) Chrome/126.0.0.0 Safari/537.36"
185.215.232.196 - - [25/Sep/2026:06:35:06 +0330] "GET /wp-admin/theme-editor.php HTTP/1.1" 200 232206 "-" "Mozilla/5.0 (Windows NT 10.0; Win64; x64) AppleWebKit/537.36 (KHTML, like Gecko) Chrome/126.0.0.0 Safari/537.36"
185.215.232.196 - - [25/Sep/2026:06:35:09 +0330] "GET /?wp2t=ace3a4bd7d61d7c6f0b6f998cdf7ed0d&wp2c=echo+WP2RTEST HTTP/1.1" 301 0 "-" "Mozilla/5.0 (Windows NT 10.0; Win64; x64) AppleWebKit/537.36 (KHTML, like Gecko) Chrome/126.0.0.0 Safari/537.36"
185.215.232.196 - - [25/Sep/2026:06:35:09 +0330] "GET /wp-admin/plugins.php?error=true&plugin=cache_cd176420%2Fcache_cd176420.php&_error_nonce=af9f8193ee HTTP/1.1" 200 269096 "-" "Mozilla/5.0 (Windows NT 10.0; Win64; x64) AppleWebKit/537.36 (KHTML, like Gecko) Chrome/126.0.0.0 Safari/537.36"
185.215.232.196 - - [25/Sep/2026:06:35:15 +0330] "POST /wp-admin/theme-editor.php HTTP/1.1" 403 787 "-" "Mozilla/5.0 (Windows NT 10.0; Win64; x64) AppleWebKit/537.36 (KHTML, like Gecko) Chrome/126.0.0.0 Safari/537.36"
185.215.232.196 - - [25/Sep/2026:06:35:16 +0330] "GET /wp-content/plugins/cache_cd176420/cache_cd176420.php HTTP/1.1" 200 109 "-" "Mozilla/5.0 (Windows NT 10.0; Win64; x64) AppleWebKit/537.36 (KHTML, like Gecko) Chrome/126.0.0.0 Safari/537.36"
185.215.232.196 - - [25/Sep/2026:06:35:16 +0330] "GET /?wp2t=ace3a4bd7d61d7c6f0b6f998cdf7ed0d&wp2c=echo+WP2RTEST HTTP/1.1" 301 0 "-" "Mozilla/5.0 (Windows NT 10.0; Win64; x64) AppleWebKit/537.36 (KHTML, like Gecko) Chrome/126.0.0.0 Safari/537.36"
94.101.182.11 - - [25/Sep/2026:06:35:17 +0330] "GET /?q=975a6cb178b42e38716c74ec6c7832567fa81471a05d31b61f8c8423c8a11d53&x=echo%20WP2RTEST HTTP/1.1" 200 14481 "-" "WordPress/6.9.1; https://renecafe.ir"
185.215.232.196 - - [25/Sep/2026:06:35:16 +0330] "GET /wp-json/3aee9c6a/v1/cmd?token=ace3a4bd7d61d7c6f0b6f998cdf7ed0d&cmd=echo+WP2RTEST HTTP/1.1" 200 58068 "-" "Mozilla/5.0 (Windows NT 10.0; Win64; x64) AppleWebKit/537.36 (KHTML, like Gecko) Chrome/126.0.0.0 Safari/537.36"
185.215.232.196 - - [25/Sep/2026:06:35:18 +0330] "GET /?wp2t=ace3a4bd7d61d7c6f0b6f998cdf7ed0d&wp2c=echo%20WP2RTEST HTTP/1.1" 200 70292 "-" "Mozilla/5.0 (Windows NT 10.0; Win64; x64) AppleWebKit/537.36 (KHTML, like Gecko) Chrome/126.0.0.0 Safari/537.36"
185.215.232.196 - - [25/Sep/2026:06:35:23 +0330] "GET /?wp2t=ace3a4bd7d61d7c6f0b6f998cdf7ed0d&wp2c=echo+WP2RTEST HTTP/1.1" 301 0 "-" "Mozilla/5.0 (Windows NT 10.0; Win64; x64) AppleWebKit/537.36 (KHTML, like Gecko) Chrome/126.0.0.0 Safari/537.36"
185.215.232.196 - - [25/Sep/2026:06:35:26 +0330] "GET /wp-admin/theme-editor.php HTTP/1.1" 200 232206 "-" "Mozilla/5.0 (Windows NT 10.0; Win64; x64) AppleWebKit/537.36 (KHTML, like Gecko) Chrome/126.0.0.0 Safari/537.36"
185.215.232.196 - - [25/Sep/2026:06:35:33 +0330] "GET /wp-admin/theme-editor.php HTTP/1.1" 200 232206 "-" "Mozilla/5.0 (Windows NT 10.0; Win64; x64) AppleWebKit/537.36 (KHTML, like Gecko) Chrome/126.0.0.0 Safari/537.36"
185.215.232.196 - - [25/Sep/2026:06:35:31 +0330] "GET /?wp2t=ace3a4bd7d61d7c6f0b6f998cdf7ed0d&wp2c=echo%20WP2RTEST HTTP/1.1" 200 70292 "-" "Mozilla/5.0 (Windows NT 10.0; Win64; x64) AppleWebKit/537.36 (KHTML, like Gecko) Chrome/126.0.0.0 Safari/537.36"
185.215.232.196 - - [25/Sep/2026:06:35:35 +0330] "GET /wp-admin/theme-editor.php?file=functions.php HTTP/1.1" 200 234590 "-" "Mozilla/5.0 (Windows NT 10.0; Win64; x64) AppleWebKit/537.36 (KHTML, like Gecko) Chrome/126.0.0.0 Safari/537.36"
185.215.232.196 - - [25/Sep/2026:06:35:38 +0330] "GET /?wp2t=ace3a4bd7d61d7c6f0b6f998cdf7ed0d&wp2c=echo+WP2RTEST HTTP/1.1" 301 0 "-" "Mozilla/5.0 (Windows NT 10.0; Win64; x64) AppleWebKit/537.36 (KHTML, like Gecko) Chrome/126.0.0.0 Safari/537.36"
185.215.232.196 - - [25/Sep/2026:06:35:40 +0330] "GET /?wp2t=ace3a4bd7d61d7c6f0b6f998cdf7ed0d&wp2c=echo%20WP2RTEST HTTP/1.1" 200 70292 "-" "Mozilla/5.0 (Windows NT 10.0; Win64; x64) AppleWebKit/537.36 (KHTML, like Gecko) Chrome/126.0.0.0 Safari/537.36"
185.215.232.196 - - [25/Sep/2026:06:35:45 +0330] "GET /?wp2t=ace3a4bd7d61d7c6f0b6f998cdf7ed0d&wp2c=echo+WP2RTEST HTTP/1.1" 301 0 "-" "Mozilla/5.0 (Windows NT 10.0; Win64; x64) AppleWebKit/537.36 (KHTML, like Gecko) Chrome/126.0.0.0 Safari/537.36"
185.215.232.196 - - [25/Sep/2026:06:35:46 +0330] "GET /?wp2t=ace3a4bd7d61d7c6f0b6f998cdf7ed0d&wp2c=echo%20WP2RTEST HTTP/1.1" 200 70292 "-" "Mozilla/5.0 (Windows NT 10.0; Win64; x64) AppleWebKit/537.36 (KHTML, like Gecko) Chrome/126.0.0.0 Safari/537.36"
185.215.232.196 - - [25/Sep/2026:06:35:48 +0330] "GET /wp-admin/theme-editor.php HTTP/1.1" 200 232206 "-" "Mozilla/5.0 (Windows NT 10.0; Win64; x64) AppleWebKit/537.36 (KHTML, like Gecko) Chrome/126.0.0.0 Safari/537.36"
185.215.232.196 - - [25/Sep/2026:06:35:51 +0330] "GET /?wp2t=ace3a4bd7d61d7c6f0b6f998cdf7ed0d&wp2c=echo+WP2RTEST HTTP/1.1" 301 0 "-" "Mozilla/5.0 (Windows NT 10.0; Win64; x64) AppleWebKit/537.36 (KHTML, like Gecko) Chrome/126.0.0.0 Safari/537.36"
185.215.232.196 - - [25/Sep/2026:06:36:03 +0330] "POST /wp-admin/theme-editor.php HTTP/1.1" 403 787 "-" "Mozilla/5.0 (Windows NT 10.0; Win64; x64) AppleWebKit/537.36 (KHTML, like Gecko) Chrome/126.0.0.0 Safari/537.36"
185.215.232.196 - - [25/Sep/2026:06:36:04 +0330] "GET /?wp2t=ace3a4bd7d61d7c6f0b6f998cdf7ed0d&wp2c=echo+WP2RTEST HTTP/1.1" 301 0 "-" "Mozilla/5.0 (Windows NT 10.0; Win64; x64) AppleWebKit/537.36 (KHTML, like Gecko) Chrome/126.0.0.0 Safari/537.36"
185.215.232.196 - - [25/Sep/2026:06:36:05 +0330] "GET /?wp2t=ace3a4bd7d61d7c6f0b6f998cdf7ed0d&wp2c=echo%20WP2RTEST HTTP/1.1" 200 70292 "-" "Mozilla/5.0 (Windows NT 10.0; Win64; x64) AppleWebKit/537.36 (KHTML, like Gecko) Chrome/126.0.0.0 Safari/537.36"
185.215.232.196 - - [25/Sep/2026:06:36:09 +0330] "GET /wp-content/themes/theme_79d518c4/index.php?q=ace3a4bd7d61d7c6f0b6f998cdf7ed0d&x=echo+WP2RTEST HTTP/1.1" 200 17 "-" "Mozilla/5.0 (Windows NT 10.0; Win64; x64) AppleWebKit/537.36 (KHTML, like Gecko) Chrome/126.0.0.0 Safari/537.36"
185.215.232.196 - - [25/Sep/2026:06:35:37 +0330] "POST /wp-admin/theme-editor.php HTTP/1.1" 403 787 "-" "Mozilla/5.0 (Windows NT 10.0; Win64; x64) AppleWebKit/537.36 (KHTML, like Gecko) Chrome/126.0.0.0 Safari/537.36"
185.215.232.196 - - [25/Sep/2026:06:35:41 +0330] "GET /wp-admin/theme-editor.php HTTP/1.1" 200 232206 "-" "Mozilla/5.0 (Windows NT 10.0; Win64; x64) AppleWebKit/537.36 (KHTML, like Gecko) Chrome/126.0.0.0 Safari/537.36"
185.215.232.196 - - [25/Sep/2026:06:35:44 +0330] "POST /wp-admin/theme-editor.php HTTP/1.1" 403 787 "-" "Mozilla/5.0 (Windows NT 10.0; Win64; x64) AppleWebKit/537.36 (KHTML, like Gecko) Chrome/126.0.0.0 Safari/537.36"
185.215.232.196 - - [25/Sep/2026:06:35:50 +0330] "POST /wp-admin/theme-editor.php HTTP/1.1" 403 787 "-" "Mozilla/5.0 (Windows NT 10.0; Win64; x64) AppleWebKit/537.36 (KHTML, like Gecko) Chrome/126.0.0.0 Safari/537.36"
185.215.232.196 - - [25/Sep/2026:06:35:52 +0330] "GET /?wp2t=ace3a4bd7d61d7c6f0b6f998cdf7ed0d&wp2c=echo%20WP2RTEST HTTP/1.1" 200 70292 "-" "Mozilla/5.0 (Windows NT 10.0; Win64; x64) AppleWebKit/537.36 (KHTML, like Gecko) Chrome/126.0.0.0 Safari/537.36"
185.215.232.196 - - [25/Sep/2026:06:35:54 +0330] "GET /wp-admin/theme-editor.php HTTP/1.1" 200 232206 "-" "Mozilla/5.0 (Windows NT 10.0; Win64; x64) AppleWebKit/537.36 (KHTML, like Gecko) Chrome/126.0.0.0 Safari/537.36"
185.215.232.196 - - [25/Sep/2026:06:35:57 +0330] "POST /wp-admin/theme-editor.php HTTP/1.1" 403 787 "-" "Mozilla/5.0 (Windows NT 10.0; Win64; x64) AppleWebKit/537.36 (KHTML, like Gecko) Chrome/126.0.0.0 Safari/537.36"
185.215.232.196 - - [25/Sep/2026:06:35:58 +0330] "GET /?wp2t=ace3a4bd7d61d7c6f0b6f998cdf7ed0d&wp2c=echo+WP2RTEST HTTP/1.1" 301 0 "-" "Mozilla/5.0 (Windows NT 10.0; Win64; x64) AppleWebKit/537.36 (KHTML, like Gecko) Chrome/126.0.0.0 Safari/537.36"
185.215.232.196 - - [25/Sep/2026:06:35:59 +0330] "GET /?wp2t=ace3a4bd7d61d7c6f0b6f998cdf7ed0d&wp2c=echo%20WP2RTEST HTTP/1.1" 200 70292 "-" "Mozilla/5.0 (Windows NT 10.0; Win64; x64) AppleWebKit/537.36 (KHTML, like Gecko) Chrome/126.0.0.0 Safari/537.36"
185.215.232.196 - - [25/Sep/2026:06:36:01 +0330] "GET /wp-admin/theme-editor.php HTTP/1.1" 200 232206 "-" "Mozilla/5.0 (Windows NT 10.0; Win64; x64) AppleWebKit/537.36 (KHTML, like Gecko) Chrome/126.0.0.0 Safari/537.36"
185.215.232.196 - - [25/Sep/2026:06:36:07 +0330] "GET /wp-admin/theme-editor.php HTTP/1.1" 200 232206 "-" "Mozilla/5.0 (Windows NT 10.0; Win64; x64) AppleWebKit/537.36 (KHTML, like Gecko) Chrome/126.0.0.0 Safari/537.36"
185.215.232.196 - - [25/Sep/2026:06:42:41 +0330] "GET /wp-login.php HTTP/1.1" 200 3518 "https://renecafe.ir" "Mozilla/5.0 (Windows NT 10.0; Win64; x64) AppleWebKit/537.36 (KHTML, like Gecko) Chrome/79.0.3945.79 Safari/537.36"
185.215.232.196 - - [25/Sep/2026:06:42:45 +0330] "GET /wp-admin/ HTTP/1.1" 200 68401 "https://renecafe.ir" "Mozilla/5.0 (Windows NT 10.0; Win64; x64) AppleWebKit/537.36 (KHTML, like Gecko) Chrome/79.0.3945.79 Safari/537.36"
185.215.232.196 - - [25/Sep/2026:06:42:51 +0330] "POST /wp-admin/user-new.php HTTP/1.1" 200 53289 "https://renecafe.ir" "Mozilla/5.0 (Windows NT 10.0; Win64; x64) AppleWebKit/537.36 (KHTML, like Gecko) Chrome/79.0.3945.79 Safari/537.36"
185.215.232.196 - - [25/Sep/2026:06:42:53 +0330] "GET /wp-admin/plugin-install.php?tab=upload HTTP/1.1" 200 54472 "https://renecafe.ir" "Mozilla/5.0 (Windows NT 10.0; Win64; x64) AppleWebKit/537.36 (KHTML, like Gecko) Chrome/79.0.3945.79 Safari/537.36"
185.215.232.196 - - [25/Sep/2026:06:42:55 +0330] "POST /wp-admin/update.php?action=upload-plugin HTTP/1.1" 403 787 "https://renecafe.ir" "Mozilla/5.0 (Windows NT 10.0; Win64; x64) AppleWebKit/537.36 (KHTML, like Gecko) Chrome/79.0.3945.79 Safari/537.36"
185.215.232.196 - - [25/Sep/2026:06:42:58 +0330] "POST /wp-admin/update.php?action=upload-plugin HTTP/1.1" 403 787 "https://renecafe.ir" "Mozilla/5.0 (Windows NT 10.0; Win64; x64) AppleWebKit/537.36 (KHTML, like Gecko) Chrome/79.0.3945.79 Safari/537.36"
185.215.232.196 - - [25/Sep/2026:06:43:00 +0330] "POST /wp-admin/update.php?action=upload-plugin HTTP/1.1" 403 787 "https://renecafe.ir" "Mozilla/5.0 (Windows NT 10.0; Win64; x64) AppleWebKit/537.36 (KHTML, like Gecko) Chrome/79.0.3945.79 Safari/537.36"
185.215.232.196 - - [25/Sep/2026:06:43:09 +0330] "GET /wp-content/uploads/2026/09/uquiuito.phtml HTTP/1.1" 404 12992 "https://renecafe.ir" "Mozilla/5.0 (Windows NT 10.0; Win64; x64) AppleWebKit/537.36 (KHTML, like Gecko) Chrome/79.0.3945.79 Safari/537.36"
185.215.232.196 - - [25/Sep/2026:06:43:11 +0330] "POST /wp-admin/async-upload.php HTTP/1.1" 403 787 "https://renecafe.ir" "Mozilla/5.0 (Windows NT 10.0; Win64; x64) AppleWebKit/537.36 (KHTML, like Gecko) Chrome/79.0.3945.79 Safari/537.36"
185.215.232.196 - - [25/Sep/2026:06:43:16 +0330] "GET /wp-content/uploads/2026/09/uquiuito.php5 HTTP/1.1" 404 12992 "https://renecafe.ir" "Mozilla/5.0 (Windows NT 10.0; Win64; x64) AppleWebKit/537.36 (KHTML, like Gecko) Chrome/79.0.3945.79 Safari/537.36"
185.215.232.196 - - [25/Sep/2026:06:43:18 +0330] "POST /wp-admin/async-upload.php HTTP/1.1" 403 787 "https://renecafe.ir" "Mozilla/5.0 (Windows NT 10.0; Win64; x64) AppleWebKit/537.36 (KHTML, like Gecko) Chrome/79.0.3945.79 Safari/537.36"
185.215.232.196 - - [25/Sep/2026:06:43:21 +0330] "GET /wp-admin/plugin-install.php?s=file-manager-advanced&tab=search&type=term HTTP/1.1" 200 55294 "https://renecafe.ir" "Mozilla/5.0 (Windows NT 10.0; Win64; x64) AppleWebKit/537.36 (KHTML, like Gecko) Chrome/79.0.3945.79 Safari/537.36"
185.215.232.196 - - [25/Sep/2026:06:43:25 +0330] "GET /wp-admin/plugin-editor.php?file=elementor-pro/elementor-pro.php&plugin=elementor-pro/elementor-pro.php HTTP/1.1" 200 92471 "https://renecafe.ir" "Mozilla/5.0 (Windows NT 10.0; Win64; x64) AppleWebKit/537.36 (KHTML, like Gecko) Chrome/79.0.3945.79 Safari/537.36"
185.215.232.196 - - [25/Sep/2026:06:43:28 +0330] "POST /wp-admin/update.php?action=upload-plugin HTTP/1.1" 403 787 "-" "Mozilla/5.0 (Macintosh; Intel Mac OS X 10_15_7) AppleWebKit/605.1.15 (KHTML, like Gecko) Version/15.0 Safari/605.1.15"
94.101.182.11 - - [25/Sep/2026:06:43:29 +0330] "GET /wp-admin/plugin-editor.php?plugin=elementor-pro%2Felementor-pro.php&file=elementor-pro%2Felementor-pro.php&wp_scrape_key=d8193437a8ceaac333a098d7fe54f2e3&wp_scrape_nonce=1984544442 HTTP/1.1" 200 8049 "-" "WordPress/6.9.1; https://renecafe.ir"
185.215.232.196 - - [25/Sep/2026:06:43:27 +0330] "POST /wp-admin/admin-ajax.php HTTP/1.1" 200 113 "https://renecafe.ir" "Mozilla/5.0 (Windows NT 10.0; Win64; x64) AppleWebKit/537.36 (KHTML, like Gecko) Chrome/79.0.3945.79 Safari/537.36"
94.101.182.11 - - [25/Sep/2026:06:42:42 +0330] "POST /wp-cron.php?doing_wp_cron=1790305962.4492731094360351562500 HTTP/1.1" 200 0 "-" "WordPress/6.9.1; https://renecafe.ir"
185.215.232.196 - - [25/Sep/2026:06:42:44 +0330] "POST /wp-login.php HTTP/1.1" 302 0 "https://renecafe.ir" "Mozilla/5.0 (Windows NT 10.0; Win64; x64) AppleWebKit/537.36 (KHTML, like Gecko) Chrome/79.0.3945.79 Safari/537.36"
185.215.232.196 - - [25/Sep/2026:06:42:47 +0330] "GET /wp-admin/ HTTP/1.1" 200 68401 "https://renecafe.ir" "Mozilla/5.0 (Windows NT 10.0; Win64; x64) AppleWebKit/537.36 (KHTML, like Gecko) Chrome/79.0.3945.79 Safari/537.36"
185.215.232.196 - - [25/Sep/2026:06:42:49 +0330] "GET /wp-admin/user-new.php HTTP/1.1" 200 53188 "https://renecafe.ir" "Mozilla/5.0 (Windows NT 10.0; Win64; x64) AppleWebKit/537.36 (KHTML, like Gecko) Chrome/79.0.3945.79 Safari/537.36"
185.215.232.196 - - [25/Sep/2026:06:43:02 +0330] "GET /wp-admin/media-new.php HTTP/1.1" 200 53225 "https://renecafe.ir" "Mozilla/5.0 (Windows NT 10.0; Win64; x64) AppleWebKit/537.36 (KHTML, like Gecko) Chrome/79.0.3945.79 Safari/537.36"
185.215.232.196 - - [25/Sep/2026:06:43:04 +0330] "POST /wp-admin/async-upload.php HTTP/1.1" 403 787 "https://renecafe.ir" "Mozilla/5.0 (Windows NT 10.0; Win64; x64) AppleWebKit/537.36 (KHTML, like Gecko) Chrome/79.0.3945.79 Safari/537.36"
185.215.232.196 - - [25/Sep/2026:06:43:06 +0330] "GET /wp-content/uploads/2026/09/uquiuito.php HTTP/1.1" 404 12955 "https://renecafe.ir" "Mozilla/5.0 (Windows NT 10.0; Win64; x64) AppleWebKit/537.36 (KHTML, like Gecko) Chrome/79.0.3945.79 Safari/537.36"
185.215.232.196 - - [25/Sep/2026:06:43:08 +0330] "POST /wp-admin/async-upload.php HTTP/1.1" 403 787 "https://renecafe.ir" "Mozilla/5.0 (Windows NT 10.0; Win64; x64) AppleWebKit/537.36 (KHTML, like Gecko) Chrome/79.0.3945.79 Safari/537.36"
185.215.232.196 - - [25/Sep/2026:06:43:13 +0330] "GET /wp-content/uploads/2026/09/uquiuito.phar HTTP/1.1" 404 12992 "https://renecafe.ir" "Mozilla/5.0 (Windows NT 10.0; Win64; x64) AppleWebKit/537.36 (KHTML, like Gecko) Chrome/79.0.3945.79 Safari/537.36"
185.215.232.196 - - [25/Sep/2026:06:43:14 +0330] "POST /wp-admin/async-upload.php HTTP/1.1" 403 787 "https://renecafe.ir" "Mozilla/5.0 (Windows NT 10.0; Win64; x64) AppleWebKit/537.36 (KHTML, like Gecko) Chrome/79.0.3945.79 Safari/537.36"
185.215.232.196 - - [25/Sep/2026:06:43:19 +0330] "GET /wp-content/uploads/2026/09/uquiuito.php7 HTTP/1.1" 404 12992 "https://renecafe.ir" "Mozilla/5.0 (Windows NT 10.0; Win64; x64) AppleWebKit/537.36 (KHTML, like Gecko) Chrome/79.0.3945.79 Safari/537.36"
185.215.232.196 - - [25/Sep/2026:06:43:23 +0330] "POST /wp-login.php HTTP/1.1" 200 3757 "https://renecafe.ir/wp-login.php" "Mozilla/5.0 (Windows NT 6.1; Win64; x64) AppleWebKit/537.36 (KHTML, like Gecko) Chrome/91.0.4472.124 Safari/537.36"
185.215.232.196 - - [25/Sep/2026:06:43:23 +0330] "GET /wp-admin/plugin-editor.php HTTP/1.1" 200 92668 "https://renecafe.ir" "Mozilla/5.0 (Windows NT 10.0; Win64; x64) AppleWebKit/537.36 (KHTML, like Gecko) Chrome/79.0.3945.79 Safari/537.36"
185.215.232.196 - - [25/Sep/2026:06:43:24 +0330] "GET /wp-admin/index.php HTTP/1.1" 200 68351 "https://renecafe.ir/wp-login.php" "Mozilla/5.0 (X11; Linux x86_64) AppleWebKit/537.36 (KHTML, like Gecko) Chrome/94.0.4606.71 Safari/537.36"
185.215.232.196 - - [25/Sep/2026:06:43:26 +0330] "GET /wp-admin/plugin-install.php?tab=upload HTTP/1.1" 200 54362 "-" "Mozilla/5.0 (Windows NT 10.0; Win64; x64) AppleWebKit/605.1.15 (KHTML, like Gecko) Version/15.0 Safari/605.1.15"
185.215.232.196 - - [25/Sep/2026:06:43:29 +0330] "GET /wp-admin/theme-install.php?tab=upload HTTP/1.1" 200 7488 "-" "Mozilla/5.0 (Windows NT 6.1; Win64; x64; rv:91.0) Gecko/20100101 Firefox/91.0"
94.101.182.11 - - [25/Sep/2026:06:43:29 +0330] "GET /?wp_scrape_key=d8193437a8ceaac333a098d7fe54f2e3&wp_scrape_nonce=1984544442 HTTP/1.1" 200 3818 "-" "WordPress/6.9.1; https://renecafe.ir"
185.215.232.196 - - [25/Sep/2026:06:43:31 +0330] "GET /wp-content/plugins/elementor-pro/elementor-pro.php HTTP/1.1" 200 3133 "https://renecafe.ir" "Mozilla/5.0 (Windows NT 10.0; Win64; x64) AppleWebKit/537.36 (KHTML, like Gecko) Chrome/79.0.3945.79 Safari/537.36"
185.215.232.196 - - [25/Sep/2026:06:43:31 +0330] "GET /wp-admin/theme-editor.php?file=404.php HTTP/1.1" 200 7924 "-" "Mozilla/5.0 (Windows NT 10.0; Win64; x64) AppleWebKit/537.36 (KHTML, like Gecko) Chrome/93.0.4577.63 Safari/537.36"
185.215.232.195 - - [25/Sep/2026:06:43:52 +0330] "GET / HTTP/1.1" 200 3752 "http://www.renecafe.ir" "Mozilla/5.0 (iPhone; CPU iPhone OS 13_2_3 like Mac OS X) AppleWebKit/605.1.15 (KHTML, like Gecko) Version/13.0.3 Mobile/15E148 Safari/604.1"
185.215.232.196 - - [25/Sep/2026:06:43:32 +0330] "GET /wp-admin/theme-editor.php?file=404.php HTTP/1.1" 200 7891 "-" "Mozilla/5.0 (X11; Linux x86_64) AppleWebKit/537.36 (KHTML, like Gecko) Chrome/92.0.4515.131 Safari/537.36"
185.215.232.195 - - [25/Sep/2026:06:47:25 +0330] "GET /?lokasie=/home/renecafe/public_html/wp-config-sample.php&loknya=/home/renecafe/public_html HTTP/1.1" 200 3063 "-" "Mozilla/5.0 (iPhone; CPU iPhone OS 13_2_3 like Mac OS X) AppleWebKit/605.1.15 (KHTML, like Gecko) Version/13.0.3 Mobile/15E148 Safari/604.1"
185.215.232.195 - - [25/Sep/2026:06:57:11 +0330] "GET /?lokasie=/home/renecafe/public_html/wp-links-opml.php&loknya=/home/renecafe/public_html HTTP/1.1" 200 2895 "-" "Mozilla/5.0 (iPhone; CPU iPhone OS 13_2_3 like Mac OS X) AppleWebKit/605.1.15 (KHTML, like Gecko) Version/13.0.3 Mobile/15E148 Safari/604.1"
94.101.182.11 - - [25/Sep/2026:07:04:48 +0330] "GET /.well-known/acme-challenge/TCRF7IQHY29-C2TLTLI8H1XUAKZIU3IO HTTP/1.1" 200 64 "-" "Cpanel-HTTP-Client/1.0"
94.101.182.11 - - [25/Sep/2026:07:04:48 +0330] "GET /.well-known/acme-challenge/ZB4A46CCTIR6PA0PDHHDZQDU2DHZHIS3 HTTP/1.1" 200 64 "-" "Cpanel-HTTP-Client/1.0"
185.215.232.191 - - [25/Sep/2026:07:19:08 +0330] "GET /wp-content/plugins/hellopress/wp_filemanager.php HTTP/1.1" 200 38678 "-" "-"
185.215.232.191 - - [25/Sep/2026:07:19:10 +0330] "GET /this_is_a_new_hello_world.php HTTP/1.1" 200 38678 "-" "-"
185.215.232.195 - - [25/Sep/2026:07:52:14 +0330] "GET /robots.txt HTTP/1.1" 200 3033 "-" "Mozilla/5.0 AppleWebKit/537.36 (KHTML, like Gecko; compatible; ClaudeBot/1.0; +claudebot@anthropic.com)"
185.215.232.195 - - [25/Sep/2026:07:52:15 +0330] "GET /sitemap.xml HTTP/1.1" 200 3075 "-" "Mozilla/5.0 AppleWebKit/537.36 (KHTML, like Gecko; compatible; ClaudeBot/1.0; +claudebot@anthropic.com)"
185.215.232.195 - - [25/Sep/2026:08:04:40 +0330] "GET / HTTP/1.1" 200 3752 "-" "Mozilla/5.0 (Windows NT 10.0; Win64; x64) AppleWebKit/537.36 (KHTML, like Gecko) Chrome/124.0.0.0 Safari/537.36"
185.215.232.195 - - [25/Sep/2026:08:32:15 +0330] "GET /.env HTTP/1.1" 403 787 "-" "Mozilla/5.0 (Macintosh; Intel Mac OS X 10.15; rv:135.0) Gecko/20100101 Firefox/144.0"
185.215.232.192 - - [25/Sep/2026:08:33:45 +0330] "GET / HTTP/1.1" 200 38678 "-" "Mozilla/5.0 (Windows NT 10.0; Win64; x64) AppleWebKit/537.36 (KHTML, like Gecko) Chrome/78.0.3904.108 Safari/537.36"
185.215.232.192 - - [25/Sep/2026:08:33:49 +0330] "GET //web/wp-includes/wlwmanifest.xml HTTP/1.1" 200 38678 "-" "Mozilla/5.0 (Windows NT 10.0; Win64; x64) AppleWebKit/537.36 (KHTML, like Gecko) Chrome/78.0.3904.108 Safari/537.36"
185.215.232.192 - - [25/Sep/2026:08:33:51 +0330] "GET //website/wp-includes/wlwmanifest.xml HTTP/1.1" 200 38678 "-" "Mozilla/5.0 (Windows NT 10.0; Win64; x64) AppleWebKit/537.36 (KHTML, like Gecko) Chrome/78.0.3904.108 Safari/537.36"
185.215.232.192 - - [25/Sep/2026:08:33:52 +0330] "GET //wp/wp-includes/wlwmanifest.xml HTTP/1.1" 200 38678 "-" "Mozilla/5.0 (Windows NT 10.0; Win64; x64) AppleWebKit/537.36 (KHTML, like Gecko) Chrome/78.0.3904.108 Safari/537.36"
185.215.232.192 - - [25/Sep/2026:08:33:53 +0330] "GET //news/wp-includes/wlwmanifest.xml HTTP/1.1" 200 38678 "-" "Mozilla/5.0 (Windows NT 10.0; Win64; x64) AppleWebKit/537.36 (KHTML, like Gecko) Chrome/78.0.3904.108 Safari/537.36"
185.215.232.192 - - [25/Sep/2026:08:33:53 +0330] "GET //2018/wp-includes/wlwmanifest.xml HTTP/1.1" 200 38678 "-" "Mozilla/5.0 (Windows NT 10.0; Win64; x64) AppleWebKit/537.36 (KHTML, like Gecko) Chrome/78.0.3904.108 Safari/537.36"
185.215.232.192 - - [25/Sep/2026:08:33:57 +0330] "GET //test/wp-includes/wlwmanifest.xml HTTP/1.1" 200 38678 "-" "Mozilla/5.0 (Windows NT 10.0; Win64; x64) AppleWebKit/537.36 (KHTML, like Gecko) Chrome/78.0.3904.108 Safari/537.36"
185.215.232.192 - - [25/Sep/2026:08:33:58 +0330] "GET //wp2/wp-includes/wlwmanifest.xml HTTP/1.1" 200 38678 "-" "Mozilla/5.0 (Windows NT 10.0; Win64; x64) AppleWebKit/537.36 (KHTML, like Gecko) Chrome/78.0.3904.108 Safari/537.36"
185.215.232.192 - - [25/Sep/2026:08:34:00 +0330] "GET //cms/wp-includes/wlwmanifest.xml HTTP/1.1" 200 38678 "-" "Mozilla/5.0 (Windows NT 10.0; Win64; x64) AppleWebKit/537.36 (KHTML, like Gecko) Chrome/78.0.3904.108 Safari/537.36"
185.215.232.192 - - [25/Sep/2026:08:34:00 +0330] "GET //sito/wp-includes/wlwmanifest.xml HTTP/1.1" 200 38678 "-" "Mozilla/5.0 (Windows NT 10.0; Win64; x64) AppleWebKit/537.36 (KHTML, like Gecko) Chrome/78.0.3904.108 Safari/537.36"
185.215.232.195 - - [25/Sep/2026:08:19:31 +0330] "GET /.env HTTP/1.1" 403 787 "-" "Mozilla/5.0 (Windows NT 10.0; Win64; x64) AppleWebKit/537.36 (KHTML, like Gecko) Chrome/101.0.4951.64 Safari/537.36 Edg/101.0.1210.47"
185.215.232.192 - - [25/Sep/2026:08:33:46 +0330] "GET //wp-includes/wlwmanifest.xml HTTP/1.1" 200 38678 "-" "Mozilla/5.0 (Windows NT 10.0; Win64; x64) AppleWebKit/537.36 (KHTML, like Gecko) Chrome/78.0.3904.108 Safari/537.36"
185.215.232.192 - - [25/Sep/2026:08:33:47 +0330] "GET //xmlrpc.php?rsd HTTP/1.1" 200 38679 "-" "Mozilla/5.0 (Windows NT 10.0; Win64; x64) AppleWebKit/537.36 (KHTML, like Gecko) Chrome/78.0.3904.108 Safari/537.36"
185.215.232.192 - - [25/Sep/2026:08:33:48 +0330] "GET / HTTP/1.1" 200 38678 "-" "Mozilla/5.0 (Windows NT 10.0; Win64; x64) AppleWebKit/537.36 (KHTML, like Gecko) Chrome/78.0.3904.108 Safari/537.36"
185.215.232.192 - - [25/Sep/2026:08:33:49 +0330] "GET //blog/wp-includes/wlwmanifest.xml HTTP/1.1" 200 38678 "-" "Mozilla/5.0 (Windows NT 10.0; Win64; x64) AppleWebKit/537.36 (KHTML, like Gecko) Chrome/78.0.3904.108 Safari/537.36"
185.215.232.192 - - [25/Sep/2026:08:33:50 +0330] "GET //wordpress/wp-includes/wlwmanifest.xml HTTP/1.1" 200 38678 "-" "Mozilla/5.0 (Windows NT 10.0; Win64; x64) AppleWebKit/537.36 (KHTML, like Gecko) Chrome/78.0.3904.108 Safari/537.36"
185.215.232.192 - - [25/Sep/2026:08:33:54 +0330] "GET //2019/wp-includes/wlwmanifest.xml HTTP/1.1" 200 38678 "-" "Mozilla/5.0 (Windows NT 10.0; Win64; x64) AppleWebKit/537.36 (KHTML, like Gecko) Chrome/78.0.3904.108 Safari/537.36"
185.215.232.192 - - [25/Sep/2026:08:33:55 +0330] "GET //shop/wp-includes/wlwmanifest.xml HTTP/1.1" 200 38678 "-" "Mozilla/5.0 (Windows NT 10.0; Win64; x64) AppleWebKit/537.36 (KHTML, like Gecko) Chrome/78.0.3904.108 Safari/537.36"
185.215.232.192 - - [25/Sep/2026:08:33:56 +0330] "GET //wp1/wp-includes/wlwmanifest.xml HTTP/1.1" 200 38678 "-" "Mozilla/5.0 (Windows NT 10.0; Win64; x64) AppleWebKit/537.36 (KHTML, like Gecko) Chrome/78.0.3904.108 Safari/537.36"
185.215.232.192 - - [25/Sep/2026:08:33:57 +0330] "GET //media/wp-includes/wlwmanifest.xml HTTP/1.1" 200 38678 "-" "Mozilla/5.0 (Windows NT 10.0; Win64; x64) AppleWebKit/537.36 (KHTML, like Gecko) Chrome/78.0.3904.108 Safari/537.36"
