| Server IP : 185.143.233.130 / Your IP : 185.215.232.195 Web Server : LiteSpeed System : Linux jambul.7ho.st 5.14.0-503.40.1.el9_5.x86_64 #1 SMP PREEMPT_DYNAMIC Mon May 5 06:06:04 EDT 2025 x86_64 User : renecafe ( 1327) PHP Version : 8.1.33 Disable Function : show_source, system, shell_exec, passthru, exec, popen, proc_open MySQL : OFF | cURL : ON | WGET : ON | Perl : ON | Python : OFF | Sudo : OFF | Pkexec : OFF Directory : /home/renecafe/access-logs/ |
Upload File : |
94.101.182.11 - - [24/Sep/2026:15:39:24 +0330] "POST /wp-cron.php?doing_wp_cron=1790251764.2241020202636718750000 HTTP/1.1" 200 0 "-" "WordPress/6.9.1; https://renecafe.ir"
185.215.232.196 - - [24/Sep/2026:15:39:45 +0330] "GET /favicon.ico HTTP/1.1" 404 796 "-" "Mozilla/5.0 (Macintosh; Intel Mac OS X 10_15_7) AppleWebKit/537.36 (KHTML, like Gecko) Chrome/120.0.0.0 Safari/537.36 Edg/120.0.0.0"
185.215.232.196 - - [24/Sep/2026:15:39:49 +0330] "GET /robots.txt HTTP/1.1" 301 0 "-" "Mozilla/5.0 (Macintosh; Intel Mac OS X 10_15_7) AppleWebKit/537.36 (KHTML, like Gecko) Chrome/120.0.0.0 Safari/537.36 Edg/120.0.0.0"
185.215.232.196 - - [24/Sep/2026:15:42:10 +0330] "GET / HTTP/1.1" 301 0 "http://www.renecafe.ir/" "Mozilla/5.0 (Macintosh; Intel Mac OS X 10_15_7) AppleWebKit/537.36 (KHTML, like Gecko) Chrome/120.0.0.0 Safari/537.36 Edg/120.0.0.0"
185.215.232.196 - - [24/Sep/2026:15:42:16 +0330] "GET /favicon.ico HTTP/1.1" 404 796 "http://www.renecafe.ir/favicon.ico" "Mozilla/5.0 (Macintosh; Intel Mac OS X 10_15_7) AppleWebKit/537.36 (KHTML, like Gecko) Chrome/120.0.0.0 Safari/537.36 Edg/120.0.0.0"
185.215.232.196 - - [24/Sep/2026:15:42:22 +0330] "GET /sitemap.xml HTTP/1.1" 301 0 "http://www.renecafe.ir/sitemap.xml" "Mozilla/5.0 (Macintosh; Intel Mac OS X 10_15_7) AppleWebKit/537.36 (KHTML, like Gecko) Chrome/120.0.0.0 Safari/537.36 Edg/120.0.0.0"
185.215.232.192 - - [24/Sep/2026:15:42:26 +0330] "GET /wp-sitemap.xml HTTP/1.1" 404 12920 "https://www.renecafe.ir/sitemap.xml" "Mozilla/5.0 (Macintosh; Intel Mac OS X 10_15_7) AppleWebKit/537.36 (KHTML, like Gecko) Chrome/120.0.0.0 Safari/537.36 Edg/120.0.0.0"
185.215.232.192 - - [24/Sep/2026:15:39:23 +0330] "GET / HTTP/1.1" 301 0 "-" "Mozilla/5.0 (Macintosh; Intel Mac OS X 10_15_7) AppleWebKit/537.36 (KHTML, like Gecko) Chrome/120.0.0.0 Safari/537.36 Edg/120.0.0.0"
94.101.182.11 - - [24/Sep/2026:15:39:49 +0330] "POST /wp-cron.php?doing_wp_cron=1790251789.7720060348510742187500 HTTP/1.1" 200 0 "-" "WordPress/6.9.1; https://renecafe.ir"
185.215.232.192 - - [24/Sep/2026:15:39:53 +0330] "GET /robots.txt HTTP/1.1" 200 70 "https://www.renecafe.ir/robots.txt" "Mozilla/5.0 (Macintosh; Intel Mac OS X 10_15_7) AppleWebKit/537.36 (KHTML, like Gecko) Chrome/120.0.0.0 Safari/537.36 Edg/120.0.0.0"
94.101.182.11 - - [24/Sep/2026:16:04:34 +0330] "GET /.well-known/acme-challenge/-U33EIPSTY3VZZAD_KTKXGDEIZWGX3_V HTTP/1.1" 200 64 "-" "Cpanel-HTTP-Client/1.0"
94.101.182.11 - - [24/Sep/2026:16:04:34 +0330] "GET /.well-known/acme-challenge/CX596WJ4RNVW22WDUWUG0EXHVO76SGMS HTTP/1.1" 200 64 "-" "Cpanel-HTTP-Client/1.0"
185.215.232.195 - - [24/Sep/2026:16:06:51 +0330] "GET /wp-content/plugins/wp_rest_cache_7abf9bd4/wp_rest_cache_7abf9bd4.php?watchx=true HTTP/1.1" 200 0 "https://renecafe.ir/wp-content/plugins/wp_rest_cache_7abf9bd4/wp_rest_cache_7abf9bd4.php?watchx=true" "Mozilla/5.0 (Windows NT 10.0; Win64; x64) AppleWebKit/537.36 (KHTML, like Gecko) Chrome/119.0.0.0 Safari/537.36"
185.215.232.191 - - [24/Sep/2026:16:19:08 +0330] "GET /apple-touch-icon.png HTTP/1.1" 404 50484 "-" "NetworkingExtension/8624.2.5.10.4 Network/5812.122.1 iOS/26.5"
185.215.232.191 - - [24/Sep/2026:16:19:12 +0330] "GET /favicon.ico HTTP/1.1" 404 796 "-" "NetworkingExtension/8624.2.5.10.4 Network/5812.122.1 iOS/26.5"
185.215.232.191 - - [24/Sep/2026:16:19:11 +0330] "GET /apple-touch-icon-precomposed.png HTTP/1.1" 404 50484 "-" "NetworkingExtension/8624.2.5.10.4 Network/5812.122.1 iOS/26.5"
185.215.232.191 - - [24/Sep/2026:16:11:17 +0330] "POST /wp-content/plugins/wp_rest_cache_7abf9bd4/wp_rest_cache_7abf9bd4.php HTTP/1.1" 200 0 "-" "Mozilla/5.0 (Windows NT 10.0; Win64; x64) AppleWebKit/537.36 (KHTML, like Gecko) Chrome/127.0.0.0 Safari/537.36"
94.101.182.11 - - [24/Sep/2026:16:13:27 +0330] "POST /wp-cron.php?doing_wp_cron=1790253807.3565039634704589843750 HTTP/1.1" 200 0 "-" "WordPress/6.9.1; https://renecafe.ir"
185.215.232.195 - - [24/Sep/2026:16:13:26 +0330] "GET /robots.txt HTTP/1.1" 200 61 "-" "Mozilla/5.0 AppleWebKit/537.36 (KHTML, like Gecko; compatible; ClaudeBot/1.0; +claudebot@anthropic.com)"
185.215.232.195 - - [24/Sep/2026:16:13:28 +0330] "GET /sitemap.xml HTTP/1.1" 301 0 "-" "Mozilla/5.0 AppleWebKit/537.36 (KHTML, like Gecko; compatible; ClaudeBot/1.0; +claudebot@anthropic.com)"
185.215.232.195 - - [24/Sep/2026:16:13:29 +0330] "GET /wp-sitemap.xml HTTP/1.1" 404 11589 "https://renecafe.ir/sitemap.xml" "Mozilla/5.0 AppleWebKit/537.36 (KHTML, like Gecko; compatible; ClaudeBot/1.0; +claudebot@anthropic.com)"
185.215.232.191 - - [24/Sep/2026:16:19:08 +0330] "GET /hamila-center/ HTTP/1.1" 200 13213 "-" "Mozilla/5.0 (Macintosh; Intel Mac OS X 10_11_1) AppleWebKit/601.2.4 (KHTML, like Gecko) Version/9.0.1 Safari/601.2.4 facebookexternalhit/1.1 Facebot Twitterbot/1.0"
185.215.232.191 - - [24/Sep/2026:16:34:37 +0330] "GET /wp-content/plugins/wp_rest_cache_7abf9bd4/wp_rest_cache_7abf9bd4.php HTTP/1.1" 200 0 "-" "Mozilla/5.0 (Windows NT 10.0; Win64; x64) AppleWebKit/537.36 (KHTML, like Gecko) Chrome/127.0.0.0 Safari/537.36"
185.215.232.195 - - [24/Sep/2026:16:40:06 +0330] "GET /wp-content/plugins/wp_rest_cache_7abf9bd4/wp_rest_cache_7abf9bd4.php?watchx=true HTTP/1.1" 200 0 "https://renecafe.ir/wp-content/plugins/wp_rest_cache_7abf9bd4/wp_rest_cache_7abf9bd4.php?watchx=true" "Mozilla/5.0 (Windows NT 10.0; Win64; x64) AppleWebKit/537.36 (KHTML, like Gecko) Chrome/119.0.0.0 Safari/537.36"
94.101.182.11 - - [24/Sep/2026:17:04:31 +0330] "POST /wp-cron.php?doing_wp_cron=1790256871.1693470478057861328125 HTTP/1.1" 200 0 "-" "WordPress/6.9.1; https://renecafe.ir"
185.215.232.191 - - [24/Sep/2026:17:04:39 +0330] "GET /wp-content/themes/woodmart/css/bootstrap-light.min.css HTTP/1.1" 200 4722 "https://renecafe.ir/" "Mozilla/5.0 (Windows NT 10.0; Win64; x64) AppleWebKit/537.36 (KHTML, like Gecko) Chrome/153.0.0.0 Safari/537.36"
185.215.232.191 - - [24/Sep/2026:17:04:39 +0330] "GET /wp-content/themes/woodmart/css/parts/base-rtl.min.css HTTP/1.1" 200 49931 "https://renecafe.ir/" "Mozilla/5.0 (Windows NT 10.0; Win64; x64) AppleWebKit/537.36 (KHTML, like Gecko) Chrome/153.0.0.0 Safari/537.36"
185.215.232.191 - - [24/Sep/2026:17:04:40 +0330] "GET /wp-content/themes/woodmart-child/style.css HTTP/1.1" 200 205 "https://renecafe.ir/" "Mozilla/5.0 (Windows NT 10.0; Win64; x64) AppleWebKit/537.36 (KHTML, like Gecko) Chrome/153.0.0.0 Safari/537.36"
185.215.232.191 - - [24/Sep/2026:17:04:40 +0330] "GET /wp-content/themes/woodmart/css/parts/int-elementor-pro-rtl.min.css HTTP/1.1" 200 5762 "https://renecafe.ir/" "Mozilla/5.0 (Windows NT 10.0; Win64; x64) AppleWebKit/537.36 (KHTML, like Gecko) Chrome/153.0.0.0 Safari/537.36"
185.215.232.191 - - [24/Sep/2026:17:04:41 +0330] "GET /wp-content/themes/woodmart/css/parts/mod-star-rating.min.css HTTP/1.1" 200 535 "https://renecafe.ir/" "Mozilla/5.0 (Windows NT 10.0; Win64; x64) AppleWebKit/537.36 (KHTML, like Gecko) Chrome/153.0.0.0 Safari/537.36"
185.215.232.191 - - [24/Sep/2026:17:04:41 +0330] "GET /wp-content/themes/woodmart/css/parts/woo-el-track-order.min.css HTTP/1.1" 200 1151 "https://renecafe.ir/" "Mozilla/5.0 (Windows NT 10.0; Win64; x64) AppleWebKit/537.36 (KHTML, like Gecko) Chrome/153.0.0.0 Safari/537.36"
185.215.232.191 - - [24/Sep/2026:17:04:41 +0330] "GET /wp-content/themes/woodmart/css/parts/woo-mod-block-notices-rtl.min.css HTTP/1.1" 200 2323 "https://renecafe.ir/" "Mozilla/5.0 (Windows NT 10.0; Win64; x64) AppleWebKit/537.36 (KHTML, like Gecko) Chrome/153.0.0.0 Safari/537.36"
185.215.232.191 - - [24/Sep/2026:17:04:41 +0330] "GET /wp-content/themes/woodmart/css/parts/woo-gutenberg-rtl.min.css HTTP/1.1" 200 8660 "https://renecafe.ir/" "Mozilla/5.0 (Windows NT 10.0; Win64; x64) AppleWebKit/537.36 (KHTML, like Gecko) Chrome/153.0.0.0 Safari/537.36"
185.215.232.191 - - [24/Sep/2026:17:04:42 +0330] "GET /wp-content/themes/woodmart/css/parts/mod-tools.min.css?ver=7.5.1 HTTP/1.1" 200 4812 "https://renecafe.ir/" "Mozilla/5.0 (Windows NT 10.0; Win64; x64) AppleWebKit/537.36 (KHTML, like Gecko) Chrome/153.0.0.0 Safari/537.36"
185.215.232.191 - - [24/Sep/2026:17:04:42 +0330] "GET /wp-content/themes/woodmart/css/parts/header-el-base-rtl.min.css?ver=7.5.1 HTTP/1.1" 200 2765 "https://renecafe.ir/" "Mozilla/5.0 (Windows NT 10.0; Win64; x64) AppleWebKit/537.36 (KHTML, like Gecko) Chrome/153.0.0.0 Safari/537.36"
185.215.232.191 - - [24/Sep/2026:17:04:42 +0330] "GET /wp-content/themes/woodmart/css/parts/el-social-icons.min.css?ver=7.5.1 HTTP/1.1" 200 5814 "https://renecafe.ir/" "Mozilla/5.0 (Windows NT 10.0; Win64; x64) AppleWebKit/537.36 (KHTML, like Gecko) Chrome/153.0.0.0 Safari/537.36"
185.215.232.191 - - [24/Sep/2026:17:04:42 +0330] "GET /wp-includes/js/jquery/jquery.min.js HTTP/1.1" 200 87553 "https://renecafe.ir/" "Mozilla/5.0 (Windows NT 10.0; Win64; x64) AppleWebKit/537.36 (KHTML, like Gecko) Chrome/153.0.0.0 Safari/537.36"
185.215.232.191 - - [24/Sep/2026:17:04:43 +0330] "GET /wp-content/themes/woodmart/js/libs/device.min.js HTTP/1.1" 200 3171 "https://renecafe.ir/" "Mozilla/5.0 (Windows NT 10.0; Win64; x64) AppleWebKit/537.36 (KHTML, like Gecko) Chrome/153.0.0.0 Safari/537.36"
185.215.232.191 - - [24/Sep/2026:17:04:43 +0330] "GET /wp-content/themes/woodmart/js/scripts/global/scrollBar.min.js HTTP/1.1" 200 356 "https://renecafe.ir/" "Mozilla/5.0 (Windows NT 10.0; Win64; x64) AppleWebKit/537.36 (KHTML, like Gecko) Chrome/153.0.0.0 Safari/537.36"
185.215.232.191 - - [24/Sep/2026:17:04:43 +0330] "GET /wp-content/uploads/2024/07/logo-mob.png HTTP/1.1" 200 7593 "https://renecafe.ir/" "Mozilla/5.0 (Windows NT 10.0; Win64; x64) AppleWebKit/537.36 (KHTML, like Gecko) Chrome/153.0.0.0 Safari/537.36"
185.215.232.191 - - [24/Sep/2026:17:04:43 +0330] "GET /wp-content/uploads/2024/10/hi2.jpg HTTP/1.1" 200 13368 "https://renecafe.ir/" "Mozilla/5.0 (Windows NT 10.0; Win64; x64) AppleWebKit/537.36 (KHTML, like Gecko) Chrome/153.0.0.0 Safari/537.36"
185.215.232.191 - - [24/Sep/2026:17:04:44 +0330] "GET /wp-content/themes/woodmart/css/parts/header-el-mobile-nav-dropdown.min.css?ver=7.5.1 HTTP/1.1" 200 90 "https://renecafe.ir/" "Mozilla/5.0 (Windows NT 10.0; Win64; x64) AppleWebKit/537.36 (KHTML, like Gecko) Chrome/153.0.0.0 Safari/537.36"
185.215.232.191 - - [24/Sep/2026:17:04:44 +0330] "GET /wp-content/themes/woodmart/css/parts/footer-base-rtl.min.css?ver=7.5.1 HTTP/1.1" 200 1072 "https://renecafe.ir/" "Mozilla/5.0 (Windows NT 10.0; Win64; x64) AppleWebKit/537.36 (KHTML, like Gecko) Chrome/153.0.0.0 Safari/537.36"
185.215.232.191 - - [24/Sep/2026:17:04:45 +0330] "GET /wp-content/themes/woodmart/js/libs/cookie.min.js HTTP/1.1" 200 1668 "https://renecafe.ir/" "Mozilla/5.0 (Windows NT 10.0; Win64; x64) AppleWebKit/537.36 (KHTML, like Gecko) Chrome/153.0.0.0 Safari/537.36"
185.215.232.191 - - [24/Sep/2026:17:04:45 +0330] "GET /wp-content/themes/woodmart/js/scripts/wc/woocommerceNotices.min.js HTTP/1.1" 200 485 "https://renecafe.ir/" "Mozilla/5.0 (Windows NT 10.0; Win64; x64) AppleWebKit/537.36 (KHTML, like Gecko) Chrome/153.0.0.0 Safari/537.36"
185.215.232.191 - - [24/Sep/2026:17:04:45 +0330] "GET /wp-content/themes/woodmart/js/scripts/header/headerBuilder.min.js HTTP/1.1" 200 2403 "https://renecafe.ir/" "Mozilla/5.0 (Windows NT 10.0; Win64; x64) AppleWebKit/537.36 (KHTML, like Gecko) Chrome/153.0.0.0 Safari/537.36"
185.215.232.191 - - [24/Sep/2026:17:04:45 +0330] "GET /wp-content/themes/woodmart/js/scripts/menu/mobileNavigation.min.js HTTP/1.1" 200 6757 "https://renecafe.ir/" "Mozilla/5.0 (Windows NT 10.0; Win64; x64) AppleWebKit/537.36 (KHTML, like Gecko) Chrome/153.0.0.0 Safari/537.36"
185.215.232.191 - - [24/Sep/2026:17:04:46 +0330] "GET /wp-content/themes/woodmart/js/scripts/menu/menuSetUp.min.js HTTP/1.1" 200 1537 "https://renecafe.ir/" "Mozilla/5.0 (Windows NT 10.0; Win64; x64) AppleWebKit/537.36 (KHTML, like Gecko) Chrome/153.0.0.0 Safari/537.36"
185.215.232.191 - - [24/Sep/2026:17:09:49 +0330] "GET / HTTP/1.1" 200 14666 "-" "Mozilla/5.0 (Windows NT 10.0; Win64; x64) AppleWebKit/537.36 (KHTML, like Gecko) Chrome/124.0.0.0 Safari/537.36"
185.215.232.191 - - [24/Sep/2026:17:04:30 +0330] "GET / HTTP/1.1" 200 13020 "-" "Mozilla/5.0 (Windows NT 10.0; Win64; x64) AppleWebKit/537.36 (KHTML, like Gecko) Chrome/153.0.0.0 Safari/537.36"
185.215.232.191 - - [24/Sep/2026:17:04:40 +0330] "GET /wp-content/themes/woodmart/css/parts/wp-gutenberg-rtl.min.css HTTP/1.1" 200 8847 "https://renecafe.ir/" "Mozilla/5.0 (Windows NT 10.0; Win64; x64) AppleWebKit/537.36 (KHTML, like Gecko) Chrome/153.0.0.0 Safari/537.36"
185.215.232.191 - - [24/Sep/2026:17:04:41 +0330] "GET /wp-content/themes/woodmart/css/parts/int-elem-base-rtl.min.css HTTP/1.1" 200 4398 "https://renecafe.ir/" "Mozilla/5.0 (Windows NT 10.0; Win64; x64) AppleWebKit/537.36 (KHTML, like Gecko) Chrome/153.0.0.0 Safari/537.36"
185.215.232.191 - - [24/Sep/2026:17:04:41 +0330] "GET /wp-content/themes/woodmart/css/parts/woocommerce-base-rtl.min.css HTTP/1.1" 200 6932 "https://renecafe.ir/" "Mozilla/5.0 (Windows NT 10.0; Win64; x64) AppleWebKit/537.36 (KHTML, like Gecko) Chrome/153.0.0.0 Safari/537.36"
185.215.232.191 - - [24/Sep/2026:17:04:42 +0330] "GET /wp-content/themes/woodmart/css/parts/header-base-rtl.min.css?ver=7.5.1 HTTP/1.1" 200 12767 "https://renecafe.ir/" "Mozilla/5.0 (Windows NT 10.0; Win64; x64) AppleWebKit/537.36 (KHTML, like Gecko) Chrome/153.0.0.0 Safari/537.36"
185.215.232.191 - - [24/Sep/2026:17:04:42 +0330] "GET /wp-includes/js/jquery/jquery-migrate.min.js HTTP/1.1" 200 13577 "https://renecafe.ir/" "Mozilla/5.0 (Windows NT 10.0; Win64; x64) AppleWebKit/537.36 (KHTML, like Gecko) Chrome/153.0.0.0 Safari/537.36"
185.215.232.191 - - [24/Sep/2026:17:04:44 +0330] "GET /wp-content/uploads/2024/10/foot.jpg HTTP/1.1" 200 66176 "https://renecafe.ir/" "Mozilla/5.0 (Windows NT 10.0; Win64; x64) AppleWebKit/537.36 (KHTML, like Gecko) Chrome/153.0.0.0 Safari/537.36"
185.215.232.191 - - [24/Sep/2026:17:04:44 +0330] "GET /wp-content/themes/woodmart/css/parts/wd-search-form-rtl.min.css?ver=7.5.1 HTTP/1.1" 200 1563 "https://renecafe.ir/" "Mozilla/5.0 (Windows NT 10.0; Win64; x64) AppleWebKit/537.36 (KHTML, like Gecko) Chrome/153.0.0.0 Safari/537.36"
185.215.232.191 - - [24/Sep/2026:17:04:45 +0330] "GET /wp-content/themes/woodmart/js/scripts/global/helpers.min.js HTTP/1.1" 200 9455 "https://renecafe.ir/" "Mozilla/5.0 (Windows NT 10.0; Win64; x64) AppleWebKit/537.36 (KHTML, like Gecko) Chrome/153.0.0.0 Safari/537.36"
185.215.232.191 - - [24/Sep/2026:17:04:45 +0330] "GET /wp-content/themes/woodmart/fonts/woodmart-font-1-400.woff2?v=7.5.1 HTTP/1.1" 200 10840 "https://renecafe.ir/" "Mozilla/5.0 (Windows NT 10.0; Win64; x64) AppleWebKit/537.36 (KHTML, like Gecko) Chrome/153.0.0.0 Safari/537.36"
185.215.232.191 - - [24/Sep/2026:17:04:46 +0330] "GET /wp-content/themes/woodmart/js/scripts/menu/menuOffsets.min.js HTTP/1.1" 200 2778 "https://renecafe.ir/" "Mozilla/5.0 (Windows NT 10.0; Win64; x64) AppleWebKit/537.36 (KHTML, like Gecko) Chrome/153.0.0.0 Safari/537.36"
185.215.232.191 - - [24/Sep/2026:17:09:47 +0330] "GET /?cf_chk=1790257186926238759 HTTP/1.1" 200 14666 "-" "Mozilla/5.0 (Windows NT 10.0; Win64; x64) AppleWebKit/537.36 (KHTML, like Gecko) Chrome/124.0.0.0 Safari/537.36"
185.215.232.195 - - [24/Sep/2026:17:21:10 +0330] "GET /wp-sitemap.xml HTTP/1.1" 404 11589 "https://www.renecafe.ir/sitemap.xml" "Mozilla/5.0 AppleWebKit/537.36 (KHTML, like Gecko; compatible; ClaudeBot/1.0; +claudebot@anthropic.com)"
185.215.232.195 - - [24/Sep/2026:17:21:07 +0330] "GET /robots.txt HTTP/1.1" 301 0 "-" "Mozilla/5.0 AppleWebKit/537.36 (KHTML, like Gecko; compatible; ClaudeBot/1.0; +claudebot@anthropic.com)"
185.215.232.195 - - [24/Sep/2026:17:21:08 +0330] "GET /robots.txt HTTP/1.1" 200 61 "https://www.renecafe.ir/robots.txt" "Mozilla/5.0 AppleWebKit/537.36 (KHTML, like Gecko; compatible; ClaudeBot/1.0; +claudebot@anthropic.com)"
185.215.232.195 - - [24/Sep/2026:17:21:09 +0330] "GET /sitemap.xml HTTP/1.1" 301 0 "-" "Mozilla/5.0 AppleWebKit/537.36 (KHTML, like Gecko; compatible; ClaudeBot/1.0; +claudebot@anthropic.com)"
185.215.232.196 - - [24/Sep/2026:17:39:34 +0330] "GET / HTTP/1.1" 200 14666 "http://renecafe.ir" "Mozilla/5.0 (iPhone; CPU iPhone OS 13_2_3 like Mac OS X) AppleWebKit/605.1.15 (KHTML, like Gecko) Version/13.0.3 Mobile/15E148 Safari/604.1"
94.101.182.11 - - [24/Sep/2026:17:39:35 +0330] "POST /wp-cron.php?doing_wp_cron=1790258974.9289109706878662109375 HTTP/1.1" 200 0 "-" "WordPress/6.9.1; https://renecafe.ir"
94.101.182.11 - - [24/Sep/2026:18:21:00 +0330] "POST /wp-cron.php?doing_wp_cron=1790261460.1843290328979492187500 HTTP/1.1" 200 0 "-" "WordPress/6.9.1; https://renecafe.ir"
185.215.232.195 - - [24/Sep/2026:18:20:59 +0330] "GET /robots.txt HTTP/1.1" 200 61 "-" "Mozilla/5.0 AppleWebKit/537.36 (KHTML, like Gecko; compatible; ClaudeBot/1.0; +claudebot@anthropic.com)"
185.215.232.195 - - [24/Sep/2026:18:27:46 +0330] "GET / HTTP/1.1" 301 0 "http://www.renecafe.ir" "Mozilla/5.0 (iPhone; CPU iPhone OS 13_2_3 like Mac OS X) AppleWebKit/605.1.15 (KHTML, like Gecko) Version/13.0.3 Mobile/15E148 Safari/604.1"
185.215.232.195 - - [24/Sep/2026:18:27:48 +0330] "GET / HTTP/1.1" 200 14666 "https://www.renecafe.ir/" "Mozilla/5.0 (iPhone; CPU iPhone OS 13_2_3 like Mac OS X) AppleWebKit/605.1.15 (KHTML, like Gecko) Version/13.0.3 Mobile/15E148 Safari/604.1"
185.215.232.195 - - [24/Sep/2026:18:21:00 +0330] "GET /sitemap.xml HTTP/1.1" 301 0 "-" "Mozilla/5.0 AppleWebKit/537.36 (KHTML, like Gecko; compatible; ClaudeBot/1.0; +claudebot@anthropic.com)"
185.215.232.195 - - [24/Sep/2026:18:21:02 +0330] "GET /wp-sitemap.xml HTTP/1.1" 404 11589 "https://renecafe.ir/sitemap.xml" "Mozilla/5.0 AppleWebKit/537.36 (KHTML, like Gecko; compatible; ClaudeBot/1.0; +claudebot@anthropic.com)"
185.215.232.195 - - [24/Sep/2026:18:47:22 +0330] "GET //xmlrpc.php?rsd HTTP/1.1" 200 780 "-" "Mozilla/5.0 (Windows NT 10.0; Win64; x64) AppleWebKit/537.36 (KHTML, like Gecko) Chrome/95.0.4638.69 Safari/537.36"
185.215.232.195 - - [24/Sep/2026:18:47:26 +0330] "GET //?author=3 HTTP/1.1" 301 0 "-" "Mozilla/5.0 (Windows NT 10.0; Win64; x64) AppleWebKit/537.36 (KHTML, like Gecko) Chrome/95.0.4638.69 Safari/537.36"
185.215.232.195 - - [24/Sep/2026:18:47:27 +0330] "GET //wp-json/wp/v2/users/ HTTP/1.1" 200 716 "-" "Mozilla/5.0 (Windows NT 10.0; Win64; x64) AppleWebKit/537.36 (KHTML, like Gecko) Chrome/95.0.4638.69 Safari/537.36"
185.215.232.195 - - [24/Sep/2026:18:47:28 +0330] "POST //xmlrpc.php HTTP/1.1" 200 451 "-" "Mozilla/5.0 (Windows NT 10.0; Win64; x64) AppleWebKit/537.36 (KHTML, like Gecko) Chrome/95.0.4638.69 Safari/537.36"
185.215.232.195 - - [24/Sep/2026:18:47:31 +0330] "POST //xmlrpc.php HTTP/1.1" 200 451 "-" "Mozilla/5.0 (Windows NT 10.0; Win64; x64) AppleWebKit/537.36 (KHTML, like Gecko) Chrome/95.0.4638.69 Safari/537.36"
185.215.232.195 - - [24/Sep/2026:18:47:19 +0330] "GET //wp-includes/ID3/license.txt HTTP/1.1" 200 1396 "-" "Mozilla/5.0 (Windows NT 10.0; Win64; x64) AppleWebKit/537.36 (KHTML, like Gecko) Chrome/95.0.4638.69 Safari/537.36"
94.101.182.11 - - [24/Sep/2026:18:47:21 +0330] "POST /wp-cron.php?doing_wp_cron=1790263041.0661950111389160156250 HTTP/1.1" 200 0 "-" "WordPress/6.9.1; https://renecafe.ir"
185.215.232.195 - - [24/Sep/2026:18:47:20 +0330] "GET //feed/ HTTP/1.1" 301 0 "-" "Mozilla/5.0 (Windows NT 10.0; Win64; x64) AppleWebKit/537.36 (KHTML, like Gecko) Chrome/95.0.4638.69 Safari/537.36"
185.215.232.195 - - [24/Sep/2026:18:47:23 +0330] "GET //?author=1 HTTP/1.1" 301 0 "-" "Mozilla/5.0 (Windows NT 10.0; Win64; x64) AppleWebKit/537.36 (KHTML, like Gecko) Chrome/95.0.4638.69 Safari/537.36"
185.215.232.195 - - [24/Sep/2026:18:47:24 +0330] "GET //?author=2 HTTP/1.1" 301 0 "-" "Mozilla/5.0 (Windows NT 10.0; Win64; x64) AppleWebKit/537.36 (KHTML, like Gecko) Chrome/95.0.4638.69 Safari/537.36"
94.101.182.11 - - [24/Sep/2026:19:04:36 +0330] "GET /.well-known/acme-challenge/YON6A0WY1OBO3M1ZHAOWHKQ-4RVSUNZY HTTP/1.1" 200 64 "-" "Cpanel-HTTP-Client/1.0"
94.101.182.11 - - [24/Sep/2026:19:04:36 +0330] "GET /.well-known/acme-challenge/LG2M21ITKMT92751Q66F3Q9K6HW9MSNH HTTP/1.1" 200 64 "-" "Cpanel-HTTP-Client/1.0"
185.215.232.195 - - [24/Sep/2026:19:08:34 +0330] "GET /robots.txt HTTP/1.1" 301 0 "-" "Mozilla/5.0 AppleWebKit/537.36 (KHTML, like Gecko; compatible; ClaudeBot/1.0; +claudebot@anthropic.com)"
185.215.232.195 - - [24/Sep/2026:19:08:36 +0330] "GET /robots.txt HTTP/1.1" 200 61 "https://www.renecafe.ir/robots.txt" "Mozilla/5.0 AppleWebKit/537.36 (KHTML, like Gecko; compatible; ClaudeBot/1.0; +claudebot@anthropic.com)"
185.215.232.195 - - [24/Sep/2026:19:08:37 +0330] "GET /sitemap.xml HTTP/1.1" 301 0 "-" "Mozilla/5.0 AppleWebKit/537.36 (KHTML, like Gecko; compatible; ClaudeBot/1.0; +claudebot@anthropic.com)"
94.101.182.11 - - [24/Sep/2026:19:08:35 +0330] "POST /wp-cron.php?doing_wp_cron=1790264315.6398749351501464843750 HTTP/1.1" 200 0 "-" "WordPress/6.9.1; https://renecafe.ir"
185.215.232.195 - - [24/Sep/2026:19:08:38 +0330] "GET /wp-sitemap.xml HTTP/1.1" 404 11589 "https://www.renecafe.ir/sitemap.xml" "Mozilla/5.0 AppleWebKit/537.36 (KHTML, like Gecko; compatible; ClaudeBot/1.0; +claudebot@anthropic.com)"
185.215.232.191 - - [24/Sep/2026:19:21:58 +0330] "POST /wp-content/plugins/wp_rest_cache_7abf9bd4/wp_rest_cache_7abf9bd4.php HTTP/1.1" 200 0 "-" "Mozilla/5.0 (Windows NT 10.0; Win64; x64) AppleWebKit/537.36 (KHTML, like Gecko) Chrome/127.0.0.0 Safari/537.36"
94.101.182.11 - - [24/Sep/2026:20:08:13 +0330] "POST /wp-cron.php?doing_wp_cron=1790267893.1577870845794677734375 HTTP/1.1" 200 0 "-" "WordPress/6.9.1; https://renecafe.ir"
185.215.232.195 - - [24/Sep/2026:20:08:12 +0330] "GET /robots.txt HTTP/1.1" 200 61 "-" "Mozilla/5.0 AppleWebKit/537.36 (KHTML, like Gecko; compatible; ClaudeBot/1.0; +claudebot@anthropic.com)"
185.215.232.195 - - [24/Sep/2026:20:08:13 +0330] "GET /sitemap.xml HTTP/1.1" 301 0 "-" "Mozilla/5.0 AppleWebKit/537.36 (KHTML, like Gecko; compatible; ClaudeBot/1.0; +claudebot@anthropic.com)"
185.215.232.195 - - [24/Sep/2026:20:08:14 +0330] "GET /wp-sitemap.xml HTTP/1.1" 404 11589 "https://renecafe.ir/sitemap.xml" "Mozilla/5.0 AppleWebKit/537.36 (KHTML, like Gecko; compatible; ClaudeBot/1.0; +claudebot@anthropic.com)"
185.215.232.191 - - [24/Sep/2026:20:46:12 +0330] "GET / HTTP/1.1" 301 0 "http://www.renecafe.ir" "Mozilla/5.0 (iPhone; CPU iPhone OS 13_2_3 like Mac OS X) AppleWebKit/605.1.15 (KHTML, like Gecko) Version/13.0.3 Mobile/15E148 Safari/604.1"
185.215.232.191 - - [24/Sep/2026:20:46:15 +0330] "GET / HTTP/1.1" 200 14666 "https://www.renecafe.ir/" "Mozilla/5.0 (iPhone; CPU iPhone OS 13_2_3 like Mac OS X) AppleWebKit/605.1.15 (KHTML, like Gecko) Version/13.0.3 Mobile/15E148 Safari/604.1"
94.101.182.11 - - [24/Sep/2026:20:46:13 +0330] "POST /wp-cron.php?doing_wp_cron=1790270173.4881200790405273437500 HTTP/1.1" 200 0 "-" "WordPress/6.9.1; https://renecafe.ir"
185.215.232.196 - - [24/Sep/2026:20:51:20 +0330] "GET /wp-json/wp/v2/pages/533 HTTP/1.1" 200 2308 "-" "Mozilla/5.0 (iPhone; CPU iPhone OS 13_2_3 like Mac OS X) AppleWebKit/605.1.15 (KHTML, like Gecko) Version/13.0.3 Mobile/15E148 Safari/604.1"
185.215.232.195 - - [24/Sep/2026:21:00:16 +0330] "GET /wp-admin/admin-ajax.php HTTP/1.1" 400 21 "-" "Mozilla/5.0 (iPhone; CPU iPhone OS 13_2_3 like Mac OS X) AppleWebKit/605.1.15 (KHTML, like Gecko) Version/13.0.3 Mobile/15E148 Safari/604.1"
185.215.232.192 - - [24/Sep/2026:21:19:49 +0330] "GET / HTTP/1.1" 200 52935 "-" "Mozilla/5.0 (Windows NT 10.0; Win64; x64) AppleWebKit/537.36 (KHTML, like Gecko) Chrome/147.0.0.0 Safari/537.36"
185.215.232.195 - - [24/Sep/2026:21:20:45 +0330] "GET /robots.txt HTTP/1.1" 301 0 "-" "Mozilla/5.0 AppleWebKit/537.36 (KHTML, like Gecko; compatible; ClaudeBot/1.0; +claudebot@anthropic.com)"
185.215.232.195 - - [24/Sep/2026:21:20:47 +0330] "GET /robots.txt HTTP/1.1" 200 61 "https://www.renecafe.ir/robots.txt" "Mozilla/5.0 AppleWebKit/537.36 (KHTML, like Gecko; compatible; ClaudeBot/1.0; +claudebot@anthropic.com)"
185.215.232.195 - - [24/Sep/2026:21:20:48 +0330] "GET /sitemap.xml HTTP/1.1" 301 0 "-" "Mozilla/5.0 AppleWebKit/537.36 (KHTML, like Gecko; compatible; ClaudeBot/1.0; +claudebot@anthropic.com)"
185.215.232.195 - - [24/Sep/2026:21:20:49 +0330] "GET /wp-sitemap.xml HTTP/1.1" 404 11589 "https://www.renecafe.ir/sitemap.xml" "Mozilla/5.0 AppleWebKit/537.36 (KHTML, like Gecko; compatible; ClaudeBot/1.0; +claudebot@anthropic.com)"
94.101.182.11 - - [24/Sep/2026:21:19:50 +0330] "POST /wp-cron.php?doing_wp_cron=1790272190.5910871028900146484375 HTTP/1.1" 200 0 "-" "WordPress/6.9.1; https://renecafe.ir"
185.215.232.192 - - [24/Sep/2026:21:36:22 +0330] "GET //xmlrpc.php?rsd HTTP/1.1" 200 780 "-" "Mozilla/5.0 (Windows NT 10.0; Win64; x64) AppleWebKit/537.36 (KHTML, like Gecko) Chrome/78.0.3904.108 Safari/537.36"
185.215.232.192 - - [24/Sep/2026:21:36:24 +0330] "GET //?author=2 HTTP/1.1" 301 0 "-" "Mozilla/5.0 (Windows NT 10.0; Win64; x64) AppleWebKit/537.36 (KHTML, like Gecko) Chrome/78.0.3904.108 Safari/537.36"
185.215.232.192 - - [24/Sep/2026:21:36:20 +0330] "GET / HTTP/1.1" 200 52935 "-" "Mozilla/5.0 (Windows NT 10.0; Win64; x64) AppleWebKit/537.36 (KHTML, like Gecko) Chrome/78.0.3904.108 Safari/537.36"
185.215.232.192 - - [24/Sep/2026:21:36:21 +0330] "GET //wp-includes/wlwmanifest.xml HTTP/1.1" 301 0 "-" "Mozilla/5.0 (Windows NT 10.0; Win64; x64) AppleWebKit/537.36 (KHTML, like Gecko) Chrome/78.0.3904.108 Safari/537.36"
185.215.232.192 - - [24/Sep/2026:21:36:23 +0330] "GET //?author=1 HTTP/1.1" 301 0 "-" "Mozilla/5.0 (Windows NT 10.0; Win64; x64) AppleWebKit/537.36 (KHTML, like Gecko) Chrome/78.0.3904.108 Safari/537.36"
185.215.232.192 - - [24/Sep/2026:21:36:25 +0330] "GET //wp-json/wp/v2/users/ HTTP/1.1" 200 716 "-" "Mozilla/5.0 (Windows NT 10.0; Win64; x64) AppleWebKit/537.36 (KHTML, like Gecko) Chrome/78.0.3904.108 Safari/537.36"
185.215.232.192 - - [24/Sep/2026:21:36:25 +0330] "POST //xmlrpc.php HTTP/1.1" 200 451 "-" "Mozilla/5.0 (Windows NT 10.0; Win64; x64) AppleWebKit/537.36 (KHTML, like Gecko) Chrome/78.0.3904.108 Safari/537.36"
185.215.232.192 - - [24/Sep/2026:21:36:26 +0330] "POST //xmlrpc.php HTTP/1.1" 200 451 "-" "Mozilla/5.0 (Windows NT 10.0; Win64; x64) AppleWebKit/537.36 (KHTML, like Gecko) Chrome/78.0.3904.108 Safari/537.36"
94.101.182.11 - - [24/Sep/2026:21:49:06 +0330] "POST /wp-cron.php?doing_wp_cron=1790273946.5432710647583007812500 HTTP/1.1" 200 0 "-" "WordPress/6.9.1; https://renecafe.ir"
185.215.232.195 - - [24/Sep/2026:21:49:05 +0330] "GET / HTTP/1.1" 200 14666 "-" "Mozilla/5.0 (X11; Linux x86_64; rv:153.0) Gecko/20100101 Firefox/153.0"
185.215.232.195 - - [24/Sep/2026:21:49:07 +0330] "GET /wp-content/uploads/2024/10/fav-rene-150x150.png HTTP/1.1" 200 14874 "https://renecafe.ir/" "Mozilla/5.0 (X11; Linux x86_64; rv:153.0) Gecko/20100101 Firefox/153.0"
94.101.182.11 - - [24/Sep/2026:22:04:29 +0330] "GET /.well-known/acme-challenge/AAB07MGSEZIQ4JPKPCKR2SD_H4QQODKG HTTP/1.1" 200 64 "-" "Cpanel-HTTP-Client/1.0"
94.101.182.11 - - [24/Sep/2026:22:04:29 +0330] "GET /.well-known/acme-challenge/LIE30C-9LX_3YD1T_WSRYUBV4DKR1Z8G HTTP/1.1" 200 64 "-" "Cpanel-HTTP-Client/1.0"
185.215.232.196 - - [24/Sep/2026:23:01:19 +0330] "GET /.git/config HTTP/1.1" 403 787 "http://renecafe.ir/.git/config" "Mozilla/5.0 (X11; Linux x86_64)"
94.101.182.11 - - [24/Sep/2026:23:02:50 +0330] "POST /wp-cron.php?doing_wp_cron=1790278369.9983320236206054687500 HTTP/1.1" 200 0 "-" "WordPress/6.9.1; https://renecafe.ir"
185.215.232.195 - - [24/Sep/2026:23:02:49 +0330] "GET /robots.txt HTTP/1.1" 200 61 "-" "Mozilla/5.0 AppleWebKit/537.36 (KHTML, like Gecko; compatible; ClaudeBot/1.0; +claudebot@anthropic.com)"
185.215.232.195 - - [24/Sep/2026:23:02:50 +0330] "GET /sitemap.xml HTTP/1.1" 301 0 "-" "Mozilla/5.0 AppleWebKit/537.36 (KHTML, like Gecko; compatible; ClaudeBot/1.0; +claudebot@anthropic.com)"
185.215.232.195 - - [24/Sep/2026:23:02:51 +0330] "GET /wp-sitemap.xml HTTP/1.1" 404 11589 "https://renecafe.ir/sitemap.xml" "Mozilla/5.0 AppleWebKit/537.36 (KHTML, like Gecko; compatible; ClaudeBot/1.0; +claudebot@anthropic.com)"
185.215.232.195 - - [24/Sep/2026:23:38:19 +0330] "GET / HTTP/1.1" 200 52935 "-" "Mozilla/5.0 (l9scan/2.0.833323e2333323e2334313e2538313; +https://leakix.net)"
185.215.232.195 - - [24/Sep/2026:23:38:30 +0330] "GET /___proxy_subdomain_whm/login HTTP/1.1" 404 13046 "-" "Mozilla/5.0 (l9scan/2.0.833323e2333323e2334313e2538313; +https://leakix.net)"
185.215.232.195 - - [24/Sep/2026:23:38:31 +0330] "GET /___proxy_subdomain_cpanel HTTP/1.1" 404 13046 "-" "Mozilla/5.0 (l9scan/2.0.833323e2333323e2334313e2538313; +https://leakix.net)"
94.101.182.11 - - [24/Sep/2026:23:38:33 +0330] "POST /wp-cron.php?doing_wp_cron=1790280513.0600359439849853515625 HTTP/1.1" 200 0 "-" "WordPress/6.9.1; https://renecafe.ir"
185.215.232.195 - - [24/Sep/2026:23:38:37 +0330] "GET /ecp/Current/exporttool/microsoft.exchange.ediscovery.exporttool.application HTTP/1.1" 404 13200 "-" "Mozilla/5.0 (l9scan/2.0.833323e2333323e2334313e2538313; +https://leakix.net)"
185.215.232.195 - - [24/Sep/2026:23:38:41 +0330] "POST /api HTTP/1.1" 404 13046 "-" "Mozilla/5.0 (l9scan/2.0.833323e2333323e2334313e2538313; +https://leakix.net)"
185.215.232.195 - - [24/Sep/2026:23:38:42 +0330] "POST /api/graphql HTTP/1.1" 404 13046 "-" "Mozilla/5.0 (l9scan/2.0.833323e2333323e2334313e2538313; +https://leakix.net)"
185.215.232.195 - - [24/Sep/2026:23:38:45 +0330] "POST /api/gql HTTP/1.1" 404 13046 "-" "Mozilla/5.0 (l9scan/2.0.833323e2333323e2334313e2538313; +https://leakix.net)"
185.215.232.195 - - [24/Sep/2026:23:38:46 +0330] "GET /s/833323e2333323e2334313e2538313/_/;/META-INF/maven/com.atlassian.jira/jira-webapp-dist/pom.properties HTTP/1.1" 404 13200 "-" "Mozilla/5.0 (l9scan/2.0.833323e2333323e2334313e2538313; +https://leakix.net)"
185.215.232.195 - - [24/Sep/2026:23:38:47 +0330] "GET /config.json HTTP/1.1" 404 13046 "-" "Mozilla/5.0 (l9scan/2.0.833323e2333323e2334313e2538313; +https://leakix.net)"
185.215.232.195 - - [24/Sep/2026:23:38:49 +0330] "GET /telescope/requests HTTP/1.1" 404 13046 "-" "Mozilla/5.0 (l9scan/2.0.833323e2333323e2334313e2538313; +https://leakix.net)"
185.215.232.195 - - [24/Sep/2026:23:38:50 +0330] "GET /info.php HTTP/1.1" 404 13046 "-" "Mozilla/5.0 (l9scan/2.0.833323e2333323e2334313e2538313; +https://leakix.net)"
185.215.232.195 - - [24/Sep/2026:23:38:53 +0330] "GET /actuator/env HTTP/1.1" 404 13046 "-" "Mozilla/5.0 (l9scan/2.0.833323e2333323e2334313e2538313; +https://leakix.net)"
94.101.182.11 - - [24/Sep/2026:23:39:02 +0330] "POST /wp-cron.php?doing_wp_cron=1790280542.8776350021362304687500 HTTP/1.1" 200 0 "-" "WordPress/6.9.1; https://renecafe.ir"
185.215.232.195 - - [24/Sep/2026:23:39:05 +0330] "GET /?rest_route=/wp/v2/users/ HTTP/1.1" 200 315 "-" "Mozilla/5.0 (l9scan/2.0.833323e2333323e2334313e2538313; +https://leakix.net)"
185.215.232.195 - - [24/Sep/2026:23:39:06 +0330] "GET /debug/default/view?panel=config HTTP/1.1" 404 13200 "-" "Mozilla/5.0 (l9scan/2.0.833323e2333323e2334313e2538313; +https://leakix.net)"
94.101.182.11 - - [24/Sep/2026:23:38:20 +0330] "POST /wp-cron.php?doing_wp_cron=1790280500.5423529148101806640625 HTTP/1.1" 200 0 "-" "WordPress/6.9.1; https://renecafe.ir"
185.215.232.195 - - [24/Sep/2026:23:38:21 +0330] "GET /console/ HTTP/1.1" 404 13046 "-" "Mozilla/5.0 (l9scan/2.0.833323e2333323e2334313e2538313; +https://leakix.net)"
185.215.232.195 - - [24/Sep/2026:23:38:22 +0330] "GET /server HTTP/1.1" 404 13046 "-" "Mozilla/5.0 (l9scan/2.0.833323e2333323e2334313e2538313; +https://leakix.net)"
185.215.232.195 - - [24/Sep/2026:23:38:24 +0330] "GET /server-status HTTP/1.1" 404 13046 "-" "Mozilla/5.0 (l9scan/2.0.833323e2333323e2334313e2538313; +https://leakix.net)"
185.215.232.195 - - [24/Sep/2026:23:38:26 +0330] "GET /about HTTP/1.1" 404 13046 "-" "Mozilla/5.0 (l9scan/2.0.833323e2333323e2334313e2538313; +https://leakix.net)"
185.215.232.195 - - [24/Sep/2026:23:38:27 +0330] "GET /login.action HTTP/1.1" 404 13046 "-" "Mozilla/5.0 (l9scan/2.0.833323e2333323e2334313e2538313; +https://leakix.net)"
185.215.232.195 - - [24/Sep/2026:23:38:28 +0330] "GET / HTTP/1.1" 200 14666 "-" "Mozilla/5.0 (l9scan/2.0.833323e2333323e2334313e2538313; +https://leakix.net)"
185.215.232.195 - - [24/Sep/2026:23:38:32 +0330] "GET /v2/_catalog HTTP/1.1" 404 13046 "-" "Mozilla/5.0 (l9scan/2.0.833323e2333323e2334313e2538313; +https://leakix.net)"
185.215.232.195 - - [24/Sep/2026:23:38:33 +0330] "GET /.DS_Store HTTP/1.1" 404 13039 "-" "Mozilla/5.0 (l9scan/2.0.833323e2333323e2334313e2538313; +https://leakix.net)"
185.215.232.195 - - [24/Sep/2026:23:38:35 +0330] "GET /.env HTTP/1.1" 403 787 "-" "Mozilla/5.0 (l9scan/2.0.833323e2333323e2334313e2538313; +https://leakix.net)"
185.215.232.195 - - [24/Sep/2026:23:38:39 +0330] "GET /.git/config HTTP/1.1" 403 787 "-" "Mozilla/5.0 (l9scan/2.0.833323e2333323e2334313e2538313; +https://leakix.net)"
185.215.232.195 - - [24/Sep/2026:23:38:40 +0330] "POST /graphql HTTP/1.1" 404 13046 "-" "Mozilla/5.0 (l9scan/2.0.833323e2333323e2334313e2538313; +https://leakix.net)"
185.215.232.195 - - [24/Sep/2026:23:38:43 +0330] "POST /graphql/api HTTP/1.1" 404 13046 "-" "Mozilla/5.0 (l9scan/2.0.833323e2333323e2334313e2538313; +https://leakix.net)"
185.215.232.195 - - [24/Sep/2026:23:38:51 +0330] "GET /.well-known/security.txt HTTP/1.1" 404 13046 "-" "Mozilla/5.0 (l9scan/2.0.833323e2333323e2334313e2538313; +https://leakix.net)"
185.215.232.195 - - [24/Sep/2026:23:38:54 +0330] "GET /trace.axd HTTP/1.1" 404 13046 "-" "Mozilla/5.0 (l9scan/2.0.833323e2333323e2334313e2538313; +https://leakix.net)"
185.215.232.195 - - [24/Sep/2026:23:38:55 +0330] "GET /@vite/env HTTP/1.1" 404 13046 "-" "Mozilla/5.0 (l9scan/2.0.833323e2333323e2334313e2538313; +https://leakix.net)"
185.215.232.195 - - [24/Sep/2026:23:38:56 +0330] "GET /.vscode/sftp.json HTTP/1.1" 404 13046 "-" "Mozilla/5.0 (l9scan/2.0.833323e2333323e2334313e2538313; +https://leakix.net)"
185.215.232.195 - - [24/Sep/2026:23:38:58 +0330] "OPTIONS / HTTP/1.1" 200 14666 "-" "Mozilla/5.0 (l9scan/2.0.833323e2333323e2334313e2538313; +https://leakix.net)"
185.215.232.195 - - [24/Sep/2026:23:39:00 +0330] "POST /?rest_route=/batch/v1 HTTP/1.1" 403 787 "-" "Mozilla/5.0 (l9scan/2.0.833323e2333323e2334313e2538313; +https://leakix.net)"
185.215.232.195 - - [24/Sep/2026:23:39:01 +0330] "POST /?rest_route=/batch/v1 HTTP/1.1" 403 787 "-" "Mozilla/5.0 (l9scan/2.0.833323e2333323e2334313e2538313; +https://leakix.net)"
185.215.232.195 - - [24/Sep/2026:23:39:02 +0330] "POST /wp-json/batch/v1 HTTP/1.1" 207 496 "-" "Mozilla/5.0 (l9scan/2.0.833323e2333323e2334313e2538313; +https://leakix.net)"
185.215.232.195 - - [24/Sep/2026:23:39:03 +0330] "POST /wp-json/batch/v1 HTTP/1.1" 207 602 "-" "Mozilla/5.0 (l9scan/2.0.833323e2333323e2334313e2538313; +https://leakix.net)"
185.215.232.195 - - [24/Sep/2026:23:40:35 +0330] "GET /___proxy_subdomain_whm/login HTTP/1.1" 404 13046 "-" "Mozilla/5.0 (l9scan/2.0.833323e2333323e2334313e2538313; +https://leakix.net)"
185.215.232.195 - - [24/Sep/2026:23:40:40 +0330] "GET /.env HTTP/1.1" 403 787 "-" "Mozilla/5.0 (l9scan/2.0.833323e2333323e2334313e2538313; +https://leakix.net)"
185.215.232.195 - - [24/Sep/2026:23:40:42 +0330] "GET /ecp/Current/exporttool/microsoft.exchange.ediscovery.exporttool.application HTTP/1.1" 404 13200 "-" "Mozilla/5.0 (l9scan/2.0.833323e2333323e2334313e2538313; +https://leakix.net)"
185.215.232.195 - - [24/Sep/2026:23:40:44 +0330] "GET /.git/config HTTP/1.1" 403 787 "-" "Mozilla/5.0 (l9scan/2.0.833323e2333323e2334313e2538313; +https://leakix.net)"
185.215.232.195 - - [24/Sep/2026:23:40:45 +0330] "POST /graphql HTTP/1.1" 404 13046 "-" "Mozilla/5.0 (l9scan/2.0.833323e2333323e2334313e2538313; +https://leakix.net)"
185.215.232.195 - - [24/Sep/2026:23:40:52 +0330] "GET /config.json HTTP/1.1" 404 13046 "-" "Mozilla/5.0 (l9scan/2.0.833323e2333323e2334313e2538313; +https://leakix.net)"
185.215.232.195 - - [24/Sep/2026:23:40:54 +0330] "GET /telescope/requests HTTP/1.1" 404 13046 "-" "Mozilla/5.0 (l9scan/2.0.833323e2333323e2334313e2538313; +https://leakix.net)"
185.215.232.195 - - [24/Sep/2026:23:40:55 +0330] "GET /info.php HTTP/1.1" 404 13046 "-" "Mozilla/5.0 (l9scan/2.0.833323e2333323e2334313e2538313; +https://leakix.net)"
185.215.232.195 - - [24/Sep/2026:23:40:57 +0330] "GET /.well-known/security.txt HTTP/1.1" 404 13046 "-" "Mozilla/5.0 (l9scan/2.0.833323e2333323e2334313e2538313; +https://leakix.net)"
185.215.232.195 - - [24/Sep/2026:23:40:59 +0330] "GET /trace.axd HTTP/1.1" 404 13046 "-" "Mozilla/5.0 (l9scan/2.0.833323e2333323e2334313e2538313; +https://leakix.net)"
185.215.232.195 - - [24/Sep/2026:23:41:00 +0330] "GET /@vite/env HTTP/1.1" 404 13046 "-" "Mozilla/5.0 (l9scan/2.0.833323e2333323e2334313e2538313; +https://leakix.net)"
185.215.232.195 - - [24/Sep/2026:23:41:09 +0330] "POST /wp-json/batch/v1 HTTP/1.1" 207 602 "-" "Mozilla/5.0 (l9scan/2.0.833323e2333323e2334313e2538313; +https://leakix.net)"
185.215.232.195 - - [24/Sep/2026:23:41:10 +0330] "GET /?rest_route=/wp/v2/users/ HTTP/1.1" 200 315 "-" "Mozilla/5.0 (l9scan/2.0.833323e2333323e2334313e2538313; +https://leakix.net)"
185.215.232.195 - - [24/Sep/2026:23:41:11 +0330] "GET /debug/default/view?panel=config HTTP/1.1" 404 13200 "-" "Mozilla/5.0 (l9scan/2.0.833323e2333323e2334313e2538313; +https://leakix.net)"
94.101.182.11 - - [24/Sep/2026:23:40:25 +0330] "POST /wp-cron.php?doing_wp_cron=1790280625.2243700027465820312500 HTTP/1.1" 200 0 "-" "WordPress/6.9.1; https://renecafe.ir"
185.215.232.195 - - [24/Sep/2026:23:40:24 +0330] "GET / HTTP/1.1" 200 52935 "-" "Mozilla/5.0 (l9scan/2.0.833323e2333323e2334313e2538313; +https://leakix.net)"
185.215.232.195 - - [24/Sep/2026:23:40:26 +0330] "GET /console/ HTTP/1.1" 404 13046 "-" "Mozilla/5.0 (l9scan/2.0.833323e2333323e2334313e2538313; +https://leakix.net)"
185.215.232.195 - - [24/Sep/2026:23:40:27 +0330] "GET /server HTTP/1.1" 404 13046 "-" "Mozilla/5.0 (l9scan/2.0.833323e2333323e2334313e2538313; +https://leakix.net)"
185.215.232.195 - - [24/Sep/2026:23:40:28 +0330] "GET /server-status HTTP/1.1" 404 13046 "-" "Mozilla/5.0 (l9scan/2.0.833323e2333323e2334313e2538313; +https://leakix.net)"
185.215.232.195 - - [24/Sep/2026:23:40:30 +0330] "GET /about HTTP/1.1" 404 13046 "-" "Mozilla/5.0 (l9scan/2.0.833323e2333323e2334313e2538313; +https://leakix.net)"
185.215.232.195 - - [24/Sep/2026:23:40:31 +0330] "GET /login.action HTTP/1.1" 404 13046 "-" "Mozilla/5.0 (l9scan/2.0.833323e2333323e2334313e2538313; +https://leakix.net)"
185.215.232.195 - - [24/Sep/2026:23:40:33 +0330] "GET / HTTP/1.1" 200 14666 "-" "Mozilla/5.0 (l9scan/2.0.833323e2333323e2334313e2538313; +https://leakix.net)"
185.215.232.195 - - [24/Sep/2026:23:40:36 +0330] "GET /___proxy_subdomain_cpanel HTTP/1.1" 404 13046 "-" "Mozilla/5.0 (l9scan/2.0.833323e2333323e2334313e2538313; +https://leakix.net)"
185.215.232.195 - - [24/Sep/2026:23:40:37 +0330] "GET /v2/_catalog HTTP/1.1" 404 13046 "-" "Mozilla/5.0 (l9scan/2.0.833323e2333323e2334313e2538313; +https://leakix.net)"
185.215.232.195 - - [24/Sep/2026:23:40:39 +0330] "GET /.DS_Store HTTP/1.1" 404 13046 "-" "Mozilla/5.0 (l9scan/2.0.833323e2333323e2334313e2538313; +https://leakix.net)"
185.215.232.195 - - [24/Sep/2026:23:40:47 +0330] "POST /api HTTP/1.1" 404 13046 "-" "Mozilla/5.0 (l9scan/2.0.833323e2333323e2334313e2538313; +https://leakix.net)"
185.215.232.195 - - [24/Sep/2026:23:40:48 +0330] "POST /api/graphql HTTP/1.1" 404 13046 "-" "Mozilla/5.0 (l9scan/2.0.833323e2333323e2334313e2538313; +https://leakix.net)"
185.215.232.195 - - [24/Sep/2026:23:40:49 +0330] "POST /graphql/api HTTP/1.1" 404 13046 "-" "Mozilla/5.0 (l9scan/2.0.833323e2333323e2334313e2538313; +https://leakix.net)"
185.215.232.195 - - [24/Sep/2026:23:40:50 +0330] "POST /api/gql HTTP/1.1" 404 13046 "-" "Mozilla/5.0 (l9scan/2.0.833323e2333323e2334313e2538313; +https://leakix.net)"
185.215.232.195 - - [24/Sep/2026:23:40:51 +0330] "GET /s/833323e2333323e2334313e2538313/_/;/META-INF/maven/com.atlassian.jira/jira-webapp-dist/pom.properties HTTP/1.1" 404 13200 "-" "Mozilla/5.0 (l9scan/2.0.833323e2333323e2334313e2538313; +https://leakix.net)"
185.215.232.195 - - [24/Sep/2026:23:40:58 +0330] "GET /actuator/env HTTP/1.1" 404 13046 "-" "Mozilla/5.0 (l9scan/2.0.833323e2333323e2334313e2538313; +https://leakix.net)"
185.215.232.195 - - [24/Sep/2026:23:41:02 +0330] "GET /.vscode/sftp.json HTTP/1.1" 404 13046 "-" "Mozilla/5.0 (l9scan/2.0.833323e2333323e2334313e2538313; +https://leakix.net)"
185.215.232.195 - - [24/Sep/2026:23:41:03 +0330] "OPTIONS / HTTP/1.1" 200 14660 "-" "Mozilla/5.0 (l9scan/2.0.833323e2333323e2334313e2538313; +https://leakix.net)"
185.215.232.195 - - [24/Sep/2026:23:41:05 +0330] "POST /?rest_route=/batch/v1 HTTP/1.1" 403 787 "-" "Mozilla/5.0 (l9scan/2.0.833323e2333323e2334313e2538313; +https://leakix.net)"
185.215.232.195 - - [24/Sep/2026:23:41:06 +0330] "POST /?rest_route=/batch/v1 HTTP/1.1" 403 787 "-" "Mozilla/5.0 (l9scan/2.0.833323e2333323e2334313e2538313; +https://leakix.net)"
185.215.232.195 - - [24/Sep/2026:23:41:07 +0330] "POST /wp-json/batch/v1 HTTP/1.1" 207 496 "-" "Mozilla/5.0 (l9scan/2.0.833323e2333323e2334313e2538313; +https://leakix.net)"
185.215.232.195 - - [24/Sep/2026:23:56:27 +0330] "GET /sitemap.xml HTTP/1.1" 301 0 "-" "Mozilla/5.0 AppleWebKit/537.36 (KHTML, like Gecko; compatible; ClaudeBot/1.0; +claudebot@anthropic.com)"
185.215.232.195 - - [24/Sep/2026:23:56:23 +0330] "GET /robots.txt HTTP/1.1" 301 0 "-" "Mozilla/5.0 AppleWebKit/537.36 (KHTML, like Gecko; compatible; ClaudeBot/1.0; +claudebot@anthropic.com)"
185.215.232.195 - - [24/Sep/2026:23:56:26 +0330] "GET /robots.txt HTTP/1.1" 200 61 "https://www.renecafe.ir/robots.txt" "Mozilla/5.0 AppleWebKit/537.36 (KHTML, like Gecko; compatible; ClaudeBot/1.0; +claudebot@anthropic.com)"
185.215.232.195 - - [24/Sep/2026:23:56:28 +0330] "GET /wp-sitemap.xml HTTP/1.1" 404 11589 "https://www.renecafe.ir/sitemap.xml" "Mozilla/5.0 AppleWebKit/537.36 (KHTML, like Gecko; compatible; ClaudeBot/1.0; +claudebot@anthropic.com)"
94.101.182.11 - - [25/Sep/2026:00:13:23 +0330] "POST /wp-cron.php?doing_wp_cron=1790282603.0392909049987792968750 HTTP/1.1" 200 0 "-" "WordPress/6.9.1; https://renecafe.ir"
185.215.232.192 - - [25/Sep/2026:00:13:22 +0330] "GET /robots.txt HTTP/1.1" 200 67 "-" "Mozilla/5.0 (Windows NT 10.0; Win64; x64) AppleWebKit/537.36 (KHTML, like Gecko) Chrome/103.0.5060.134 Safari/537.36"
185.215.232.192 - - [25/Sep/2026:00:25:32 +0330] "GET / HTTP/1.1" 200 14666 "http://renecafe.ir" "Mozilla/5.0 (iPhone; CPU iPhone OS 13_2_3 like Mac OS X) AppleWebKit/605.1.15 (KHTML, like Gecko) Version/13.0.3 Mobile/15E148 Safari/604.1"
94.101.182.11 - - [25/Sep/2026:00:33:50 +0330] "POST /wp-cron.php?doing_wp_cron=1790283829.8352589607238769531250 HTTP/1.1" 200 0 "-" "WordPress/6.9.1; https://renecafe.ir"
185.215.232.192 - - [25/Sep/2026:00:33:52 +0330] "GET /%D8%A8%D8%B1%DA%AF%D9%87-%D9%86%D9%85%D9%88%D9%86%D9%87/ HTTP/1.1" 404 50484 "-" "Mozilla/5.0 (Windows NT 10.0; Win64; x64) AppleWebKit/537.36 (KHTML, like Gecko) Chrome/124.0.0.0 Safari/537.36"
185.215.232.192 - - [25/Sep/2026:00:33:54 +0330] "GET /?page_id=4 HTTP/1.1" 404 50484 "-" "Mozilla/5.0 (Windows NT 10.0; Win64; x64) AppleWebKit/537.36 (KHTML, like Gecko) Chrome/124.0.0.0 Safari/537.36"
185.215.232.192 - - [25/Sep/2026:00:33:55 +0330] "GET /?page_id=5 HTTP/1.1" 404 50484 "-" "Mozilla/5.0 (Windows NT 10.0; Win64; x64) AppleWebKit/537.36 (KHTML, like Gecko) Chrome/124.0.0.0 Safari/537.36"
185.215.232.192 - - [25/Sep/2026:00:33:58 +0330] "GET /?page_id=6 HTTP/1.1" 404 50484 "-" "Mozilla/5.0 (Windows NT 10.0; Win64; x64) AppleWebKit/537.36 (KHTML, like Gecko) Chrome/124.0.0.0 Safari/537.36"
185.215.232.192 - - [25/Sep/2026:00:34:02 +0330] "GET /home-page/ HTTP/1.1" 200 48400 "-" "Mozilla/5.0 (Windows NT 10.0; Win64; x64) AppleWebKit/537.36 (KHTML, like Gecko) Chrome/124.0.0.0 Safari/537.36"
185.215.232.192 - - [25/Sep/2026:00:34:03 +0330] "GET /home-page/?pagename=templates%252f%252e%252e%252f%252e%252e%252f%252e%252e%252f%252e%252e%252fwp-links-opml HTTP/1.1" 404 50484 "-" "Mozilla/5.0 (Windows NT 10.0; Win64; x64) AppleWebKit/537.36 (KHTML, like Gecko) Chrome/124.0.0.0 Safari/537.36"
185.215.232.192 - - [25/Sep/2026:00:34:04 +0330] "GET /?page_id=9&pagename=template%252f%252e%252e%252f%252e%252e%252f%252e%252e%252f%252e%252e%252fwp-links-opml HTTP/1.1" 301 0 "-" "Mozilla/5.0 (Windows NT 10.0; Win64; x64) AppleWebKit/537.36 (KHTML, like Gecko) Chrome/124.0.0.0 Safari/537.36"
185.215.232.192 - - [25/Sep/2026:00:34:07 +0330] "GET /home-page/?pagename=parts%252f%252e%252e%252f%252e%252e%252f%252e%252e%252f%252e%252e%252fwp-links-opml HTTP/1.1" 404 50484 "-" "Mozilla/5.0 (Windows NT 10.0; Win64; x64) AppleWebKit/537.36 (KHTML, like Gecko) Chrome/124.0.0.0 Safari/537.36"
185.215.232.192 - - [25/Sep/2026:00:34:09 +0330] "GET /home-page/?pagename=builder%252f%252e%252e%252f%252e%252e%252f%252e%252e%252f%252e%252e%252fwp-links-opml HTTP/1.1" 404 50484 "-" "Mozilla/5.0 (Windows NT 10.0; Win64; x64) AppleWebKit/537.36 (KHTML, like Gecko) Chrome/124.0.0.0 Safari/537.36"
185.215.232.192 - - [25/Sep/2026:00:34:10 +0330] "GET /?page_id=9&pagename=sections%252f%252e%252e%252f%252e%252e%252f%252e%252e%252f%252e%252e%252fwp-links-opml HTTP/1.1" 301 0 "-" "Mozilla/5.0 (Windows NT 10.0; Win64; x64) AppleWebKit/537.36 (KHTML, like Gecko) Chrome/124.0.0.0 Safari/537.36"
185.215.232.192 - - [25/Sep/2026:00:34:11 +0330] "GET /home-page/?pagename=sections%252f%252e%252e%252f%252e%252e%252f%252e%252e%252f%252e%252e%252fwp-links-opml HTTP/1.1" 404 50484 "-" "Mozilla/5.0 (Windows NT 10.0; Win64; x64) AppleWebKit/537.36 (KHTML, like Gecko) Chrome/124.0.0.0 Safari/537.36"
185.215.232.192 - - [25/Sep/2026:00:34:12 +0330] "GET /?page_id=9&pagename=layouts%252f%252e%252e%252f%252e%252e%252f%252e%252e%252f%252e%252e%252fwp-links-opml HTTP/1.1" 301 0 "-" "Mozilla/5.0 (Windows NT 10.0; Win64; x64) AppleWebKit/537.36 (KHTML, like Gecko) Chrome/124.0.0.0 Safari/537.36"
185.215.232.192 - - [25/Sep/2026:00:34:13 +0330] "GET /home-page/?pagename=layouts%252f%252e%252e%252f%252e%252e%252f%252e%252e%252f%252e%252e%252fwp-links-opml HTTP/1.1" 404 50484 "-" "Mozilla/5.0 (Windows NT 10.0; Win64; x64) AppleWebKit/537.36 (KHTML, like Gecko) Chrome/124.0.0.0 Safari/537.36"
185.215.232.192 - - [25/Sep/2026:00:34:14 +0330] "GET /?page_id=9&pagename=blocks%252f%252e%252e%252f%252e%252e%252f%252e%252e%252f%252e%252e%252fwp-links-opml HTTP/1.1" 301 0 "-" "Mozilla/5.0 (Windows NT 10.0; Win64; x64) AppleWebKit/537.36 (KHTML, like Gecko) Chrome/124.0.0.0 Safari/537.36"
185.215.232.192 - - [25/Sep/2026:00:33:49 +0330] "GET / HTTP/1.1" 200 52935 "-" "Mozilla/5.0 (Windows NT 10.0; Win64; x64) AppleWebKit/537.36 (KHTML, like Gecko) Chrome/124.0.0.0 Safari/537.36"
185.215.232.192 - - [25/Sep/2026:00:33:51 +0330] "GET /?page_id=2 HTTP/1.1" 301 0 "-" "Mozilla/5.0 (Windows NT 10.0; Win64; x64) AppleWebKit/537.36 (KHTML, like Gecko) Chrome/124.0.0.0 Safari/537.36"
185.215.232.192 - - [25/Sep/2026:00:33:53 +0330] "GET /?page_id=3 HTTP/1.1" 404 50484 "-" "Mozilla/5.0 (Windows NT 10.0; Win64; x64) AppleWebKit/537.36 (KHTML, like Gecko) Chrome/124.0.0.0 Safari/537.36"
185.215.232.192 - - [25/Sep/2026:00:33:56 +0330] "GET /?page_id=1 HTTP/1.1" 301 0 "-" "Mozilla/5.0 (Windows NT 10.0; Win64; x64) AppleWebKit/537.36 (KHTML, like Gecko) Chrome/124.0.0.0 Safari/537.36"
185.215.232.192 - - [25/Sep/2026:00:33:57 +0330] "GET /%d8%b3%d9%84%d8%a7%d9%85-%d8%af%d9%86%db%8c%d8%a7/ HTTP/1.1" 200 61436 "-" "Mozilla/5.0 (Windows NT 10.0; Win64; x64) AppleWebKit/537.36 (KHTML, like Gecko) Chrome/124.0.0.0 Safari/537.36"
185.215.232.192 - - [25/Sep/2026:00:33:59 +0330] "GET /?page_id=7 HTTP/1.1" 404 50484 "-" "Mozilla/5.0 (Windows NT 10.0; Win64; x64) AppleWebKit/537.36 (KHTML, like Gecko) Chrome/124.0.0.0 Safari/537.36"
185.215.232.192 - - [25/Sep/2026:00:34:00 +0330] "GET /?page_id=8 HTTP/1.1" 404 50484 "-" "Mozilla/5.0 (Windows NT 10.0; Win64; x64) AppleWebKit/537.36 (KHTML, like Gecko) Chrome/124.0.0.0 Safari/537.36"
185.215.232.192 - - [25/Sep/2026:00:34:01 +0330] "GET /?page_id=9 HTTP/1.1" 301 0 "-" "Mozilla/5.0 (Windows NT 10.0; Win64; x64) AppleWebKit/537.36 (KHTML, like Gecko) Chrome/124.0.0.0 Safari/537.36"
185.215.232.192 - - [25/Sep/2026:00:34:03 +0330] "GET /?page_id=9&pagename=templates%252f%252e%252e%252f%252e%252e%252f%252e%252e%252f%252e%252e%252fwp-links-opml HTTP/1.1" 301 0 "-" "Mozilla/5.0 (Windows NT 10.0; Win64; x64) AppleWebKit/537.36 (KHTML, like Gecko) Chrome/124.0.0.0 Safari/537.36"
185.215.232.192 - - [25/Sep/2026:00:34:05 +0330] "GET /home-page/?pagename=template%252f%252e%252e%252f%252e%252e%252f%252e%252e%252f%252e%252e%252fwp-links-opml HTTP/1.1" 404 50484 "-" "Mozilla/5.0 (Windows NT 10.0; Win64; x64) AppleWebKit/537.36 (KHTML, like Gecko) Chrome/124.0.0.0 Safari/537.36"
185.215.232.192 - - [25/Sep/2026:00:34:06 +0330] "GET /?page_id=9&pagename=parts%252f%252e%252e%252f%252e%252e%252f%252e%252e%252f%252e%252e%252fwp-links-opml HTTP/1.1" 301 0 "-" "Mozilla/5.0 (Windows NT 10.0; Win64; x64) AppleWebKit/537.36 (KHTML, like Gecko) Chrome/124.0.0.0 Safari/537.36"
185.215.232.192 - - [25/Sep/2026:00:34:08 +0330] "GET /?page_id=9&pagename=builder%252f%252e%252e%252f%252e%252e%252f%252e%252e%252f%252e%252e%252fwp-links-opml HTTP/1.1" 301 0 "-" "Mozilla/5.0 (Windows NT 10.0; Win64; x64) AppleWebKit/537.36 (KHTML, like Gecko) Chrome/124.0.0.0 Safari/537.36"
185.215.232.192 - - [25/Sep/2026:00:34:15 +0330] "GET /home-page/?pagename=blocks%252f%252e%252e%252f%252e%252e%252f%252e%252e%252f%252e%252e%252fwp-links-opml HTTP/1.1" 404 50484 "-" "Mozilla/5.0 (Windows NT 10.0; Win64; x64) AppleWebKit/537.36 (KHTML, like Gecko) Chrome/124.0.0.0 Safari/537.36"
